Last updated on 2025-05-08 04:51:58 CEST.
Flavor | Version | Tinstall | Tcheck | Ttotal | Status | Flags |
---|---|---|---|---|---|---|
r-devel-linux-x86_64-debian-clang | 1.0.0 | 5.86 | 52.61 | 58.47 | NOTE | |
r-devel-linux-x86_64-debian-gcc | 1.0.0 | 4.13 | 37.24 | 41.37 | NOTE | |
r-devel-linux-x86_64-fedora-clang | 1.0.0 | 81.43 | OK | |||
r-devel-linux-x86_64-fedora-gcc | 1.0.0 | 101.98 | OK | |||
r-devel-windows-x86_64 | 1.0.0 | 9.00 | 89.00 | 98.00 | OK | |
r-patched-linux-x86_64 | 1.0.0 | 5.29 | 50.55 | 55.84 | OK | |
r-release-linux-x86_64 | 1.0.0 | 5.59 | 50.41 | 56.00 | OK | |
r-release-macos-arm64 | 1.0.0 | 36.00 | OK | |||
r-release-macos-x86_64 | 1.0.0 | 66.00 | OK | |||
r-release-windows-x86_64 | 1.0.0 | 9.00 | 69.00 | 78.00 | OK | |
r-oldrel-macos-arm64 | 1.0.0 | 35.00 | NOTE | |||
r-oldrel-macos-x86_64 | 1.0.0 | 55.00 | NOTE | |||
r-oldrel-windows-x86_64 | 1.0.0 | 10.00 | 83.00 | 93.00 | NOTE |
Version: 1.0.0
Check: CRAN incoming feasibility
Result: NOTE
Maintainer: ‘Mintu Nath <dr.m.nath@gmail.com>’
No Authors@R field in DESCRIPTION.
Please add one, modifying
Authors@R: person(given = "Mintu",
family = "Nath",
role = c("aut", "cre"),
email = "dr.m.nath@gmail.com")
as necessary.
Flavors: r-devel-linux-x86_64-debian-clang, r-devel-linux-x86_64-debian-gcc
Version: 1.0.0
Check: LazyData
Result: NOTE
'LazyData' is specified without a 'data' directory
Flavors: r-oldrel-macos-arm64, r-oldrel-macos-x86_64, r-oldrel-windows-x86_64
These binaries (installable software) and packages are in development.
They may not be fully stable and should be used with caution. We make no claims about them.