CRAN Package Check Results for Package ABHgenotypeR

Last updated on 2025-07-19 21:49:29 CEST.

Flavor Version Tinstall Tcheck Ttotal Status Flags
r-devel-linux-x86_64-debian-clang 1.0.1 5.37 59.48 64.85 OK
r-devel-linux-x86_64-debian-gcc 1.0.1 3.13 43.89 47.02 OK
r-devel-linux-x86_64-fedora-clang 1.0.1 101.89 OK
r-devel-linux-x86_64-fedora-gcc 1.0.1 113.83 OK
r-devel-windows-x86_64 1.0.1 8.00 75.00 83.00 OK
r-patched-linux-x86_64 1.0.1 4.35 56.51 60.86 OK
r-release-linux-x86_64 1.0.1 4.73 56.07 60.80 OK
r-release-macos-arm64 1.0.1 36.00 OK
r-release-macos-x86_64 1.0.1 74.00 OK
r-release-windows-x86_64 1.0.1 7.00 75.00 82.00 OK
r-oldrel-macos-arm64 1.0.1 36.00 NOTE
r-oldrel-macos-x86_64 1.0.1 56.00 NOTE
r-oldrel-windows-x86_64 1.0.1 10.00 92.00 102.00 NOTE

Check Details

Version: 1.0.1
Check: LazyData
Result: NOTE 'LazyData' is specified without a 'data' directory Flavors: r-oldrel-macos-arm64, r-oldrel-macos-x86_64, r-oldrel-windows-x86_64

These binaries (installable software) and packages are in development.
They may not be fully stable and should be used with caution. We make no claims about them.