Last updated on 2025-10-25 11:48:26 CEST.
| Flavor | Version | Tinstall | Tcheck | Ttotal | Status | Flags |
|---|---|---|---|---|---|---|
| r-devel-linux-x86_64-debian-clang | 1.0.1 | 5.49 | 70.94 | 76.43 | OK | |
| r-devel-linux-x86_64-debian-gcc | 1.0.1 | 4.04 | 50.77 | 54.81 | OK | |
| r-devel-linux-x86_64-fedora-clang | 1.0.1 | 13.00 | 106.74 | 119.74 | OK | |
| r-devel-linux-x86_64-fedora-gcc | 1.0.1 | 14.00 | 114.41 | 128.41 | OK | |
| r-devel-windows-x86_64 | 1.0.1 | 8.00 | 97.00 | 105.00 | OK | |
| r-patched-linux-x86_64 | 1.0.1 | 5.73 | 67.42 | 73.15 | OK | |
| r-release-linux-x86_64 | 1.0.1 | 5.43 | 67.06 | 72.49 | OK | |
| r-release-macos-arm64 | 1.0.1 | 2.00 | 34.00 | 36.00 | OK | |
| r-release-macos-x86_64 | 1.0.1 | 4.00 | 70.00 | 74.00 | OK | |
| r-release-windows-x86_64 | 1.0.1 | 8.00 | 83.00 | 91.00 | OK | |
| r-oldrel-macos-arm64 | 1.0.1 | 2.00 | 34.00 | 36.00 | NOTE | |
| r-oldrel-macos-x86_64 | 1.0.1 | 5.00 | 51.00 | 56.00 | NOTE | |
| r-oldrel-windows-x86_64 | 1.0.1 | 11.00 | 106.00 | 117.00 | NOTE |
Version: 1.0.1
Check: LazyData
Result: NOTE
'LazyData' is specified without a 'data' directory
Flavors: r-oldrel-macos-arm64, r-oldrel-macos-x86_64, r-oldrel-windows-x86_64
These binaries (installable software) and packages are in development.
They may not be fully stable and should be used with caution. We make no claims about them.