CRAN Package Check Results for Package ACDm

Last updated on 2025-02-19 18:50:55 CET.

Flavor Version Tinstall Tcheck Ttotal Status Flags
r-devel-linux-x86_64-debian-clang 1.0.4.3 15.33 74.39 89.72 NOTE
r-devel-linux-x86_64-debian-gcc 1.0.4.3 11.77 51.69 63.46 NOTE
r-devel-linux-x86_64-fedora-clang 1.0.4.3 153.47 NOTE
r-devel-linux-x86_64-fedora-gcc 1.0.4.3 149.22 NOTE
r-devel-macos-arm64 1.0.4.3 46.00 OK
r-devel-macos-x86_64 1.0.4.3 86.00 OK
r-devel-windows-x86_64 1.0.4.3 24.00 98.00 122.00 NOTE
r-patched-linux-x86_64 1.0.4.3 20.12 68.89 89.01 OK
r-release-linux-x86_64 1.0.4.3 14.64 68.09 82.73 OK
r-release-macos-arm64 1.0.4.3 48.00 OK
r-release-macos-x86_64 1.0.4.3 66.00 OK
r-release-windows-x86_64 1.0.4.3 23.00 96.00 119.00 OK
r-oldrel-macos-arm64 1.0.4.3 49.00 OK
r-oldrel-macos-x86_64 1.0.4.3 97.00 OK
r-oldrel-windows-x86_64 1.0.4.3 28.00 111.00 139.00 OK

Check Details

Version: 1.0.4.3
Check: Rd cross-references
Result: NOTE Found the following Rd file(s) with Rd \link{} targets missing package anchors: acdFit.Rd: solnp plotScatterAcd.Rd: stat_smooth Please provide package anchors for all Rd \link{} targets not in the package itself and the base packages. Flavors: r-devel-linux-x86_64-debian-clang, r-devel-linux-x86_64-debian-gcc, r-devel-windows-x86_64

Version: 1.0.4.3
Check: compiled code
Result: NOTE File ‘ACDm/libs/ACDm.so’: Found no calls to: ‘R_registerRoutines’, ‘R_useDynamicSymbols’ It is good practice to register native routines and to disable symbol search. See ‘Writing portable packages’ in the ‘Writing R Extensions’ manual. Flavors: r-devel-linux-x86_64-fedora-clang, r-devel-linux-x86_64-fedora-gcc

These binaries (installable software) and packages are in development.
They may not be fully stable and should be used with caution. We make no claims about them.