Last updated on 2025-02-16 10:50:41 CET.
Flavor | Version | Tinstall | Tcheck | Ttotal | Status | Flags |
---|---|---|---|---|---|---|
r-devel-linux-x86_64-debian-clang | 0.0.22 | 2.20 | 25.60 | 27.80 | NOTE | |
r-devel-linux-x86_64-debian-gcc | 0.0.22 | 1.79 | 18.70 | 20.49 | NOTE | |
r-devel-linux-x86_64-fedora-clang | 0.0.22 | 44.27 | NOTE | |||
r-devel-linux-x86_64-fedora-gcc | 0.0.22 | 42.05 | NOTE | |||
r-devel-macos-arm64 | 0.0.22 | 29.00 | OK | |||
r-devel-macos-x86_64 | 0.0.22 | 45.00 | NOTE | |||
r-devel-windows-x86_64 | 0.0.22 | 4.00 | 63.00 | 67.00 | NOTE | |
r-patched-linux-x86_64 | 0.0.22 | 2.59 | 25.31 | 27.90 | OK | |
r-release-linux-x86_64 | 0.0.22 | 2.24 | 25.46 | 27.70 | OK | |
r-release-macos-arm64 | 0.0.22 | 29.00 | OK | |||
r-release-macos-x86_64 | 0.0.22 | 41.00 | OK | |||
r-release-windows-x86_64 | 0.0.22 | 5.00 | 59.00 | 64.00 | OK | |
r-oldrel-macos-arm64 | 0.0.22 | 29.00 | OK | |||
r-oldrel-macos-x86_64 | 0.0.22 | 43.00 | OK | |||
r-oldrel-windows-x86_64 | 0.0.22 | 5.00 | 66.00 | 71.00 | OK |
Version: 0.0.22
Check: DESCRIPTION meta-information
Result: NOTE
Missing dependency on R >= 4.1.0 because package code uses the pipe
|> or function shorthand \(...) syntax added in R 4.1.0.
File(s) using such syntax:
‘acep_token_plot.R’ ‘acep_token_table.R’
Flavors: r-devel-linux-x86_64-debian-clang, r-devel-linux-x86_64-debian-gcc, r-devel-linux-x86_64-fedora-clang, r-devel-linux-x86_64-fedora-gcc, r-devel-macos-x86_64, r-devel-windows-x86_64
These binaries (installable software) and packages are in development.
They may not be fully stable and should be used with caution. We make no claims about them.