Last updated on 2025-11-11 17:49:51 CET.
| Flavor | Version | Tinstall | Tcheck | Ttotal | Status | Flags |
|---|---|---|---|---|---|---|
| r-devel-linux-x86_64-debian-clang | 0.0.0.9 | 7.10 | 320.46 | 327.56 | OK | |
| r-devel-linux-x86_64-debian-gcc | 0.0.0.9 | 6.62 | 268.44 | 275.06 | OK | |
| r-devel-linux-x86_64-fedora-clang | 0.0.0.9 | 29.00 | 339.25 | 368.25 | OK | |
| r-devel-linux-x86_64-fedora-gcc | 0.0.0.9 | 17.00 | 332.14 | 349.14 | OK | |
| r-devel-windows-x86_64 | 0.0.0.9 | 11.00 | 198.00 | 209.00 | OK | |
| r-patched-linux-x86_64 | 0.0.0.9 | 7.92 | 261.26 | 269.18 | OK | |
| r-release-linux-x86_64 | 0.0.0.9 | 8.80 | 254.34 | 263.14 | OK | |
| r-release-macos-arm64 | 0.0.0.9 | 4.00 | 110.00 | 114.00 | OK | |
| r-release-macos-x86_64 | 0.0.0.9 | 9.00 | 230.00 | 239.00 | OK | |
| r-release-windows-x86_64 | 0.0.0.9 | 9.00 | 198.00 | 207.00 | OK | |
| r-oldrel-macos-arm64 | 0.0.0.9 | 4.00 | 75.00 | 79.00 | OK | |
| r-oldrel-macos-x86_64 | 0.0.0.9 | 9.00 | 143.00 | 152.00 | OK | |
| r-oldrel-windows-x86_64 | 0.0.0.9 | 1.00 | 9.00 | 10.00 | ERROR |
Version: 0.0.0.9
Check: package dependencies
Result: ERROR
Package required but not available: 'OpenMx'
See section 'The DESCRIPTION file' in the 'Writing R Extensions'
manual.
Flavor: r-oldrel-windows-x86_64
These binaries (installable software) and packages are in development.
They may not be fully stable and should be used with caution. We make no claims about them.