Last updated on 2025-10-25 09:49:23 CEST.
| Flavor | Version | Tinstall | Tcheck | Ttotal | Status | Flags |
|---|---|---|---|---|---|---|
| r-devel-linux-x86_64-debian-clang | 1.9.0 | 84.62 | 222.19 | 306.81 | NOTE | |
| r-devel-linux-x86_64-debian-gcc | 1.9.0 | 54.68 | 122.27 | 176.95 | NOTE | |
| r-devel-linux-x86_64-fedora-clang | 1.9.0 | 73.00 | 448.01 | 521.01 | OK | |
| r-devel-linux-x86_64-fedora-gcc | 1.9.0 | 124.00 | 426.37 | 550.37 | OK | |
| r-devel-windows-x86_64 | 1.9.0 | 86.00 | 290.00 | 376.00 | OK | |
| r-patched-linux-x86_64 | 1.9.0 | 84.10 | 205.19 | 289.29 | OK | |
| r-release-linux-x86_64 | 1.9.0 | 84.21 | 198.42 | 282.63 | OK | |
| r-release-macos-arm64 | 1.9.0 | 32.00 | 98.00 | 130.00 | OK | |
| r-release-macos-x86_64 | 1.9.0 | 32.00 | 210.00 | 242.00 | OK | |
| r-release-windows-x86_64 | 1.9.0 | 88.00 | 280.00 | 368.00 | OK | |
| r-oldrel-macos-arm64 | 1.9.0 | 27.00 | 84.00 | 111.00 | NOTE | |
| r-oldrel-macos-x86_64 | 1.9.0 | 35.00 | 158.00 | 193.00 | NOTE | |
| r-oldrel-windows-x86_64 | 1.9.0 | 103.00 | 411.00 | 514.00 | OK |
Version: 1.9.0
Check: CRAN incoming feasibility
Result: NOTE
Maintainer: ‘Liang He <hyx520101@gmail.com>’
No Authors@R field in DESCRIPTION.
Please add one, modifying
Authors@R: person(given = "Liang",
family = "He",
role = c("aut", "cre"),
email = "hyx520101@gmail.com")
as necessary.
Flavors: r-devel-linux-x86_64-debian-clang, r-devel-linux-x86_64-debian-gcc
Version: 1.9.0
Check: installed package size
Result: NOTE
installed size is 7.5Mb
sub-directories of 1Mb or more:
doc 1.7Mb
libs 5.4Mb
Flavors: r-oldrel-macos-arm64, r-oldrel-macos-x86_64
These binaries (installable software) and packages are in development.
They may not be fully stable and should be used with caution. We make no claims about them.