Last updated on 2025-05-01 14:49:03 CEST.
Flavor | Version | Tinstall | Tcheck | Ttotal | Status | Flags |
---|---|---|---|---|---|---|
r-devel-linux-x86_64-debian-clang | 1.3-0 | 11.53 | 88.46 | 99.99 | NOTE | |
r-devel-linux-x86_64-debian-gcc | 1.3-0 | 7.52 | 56.64 | 64.16 | NOTE | |
r-devel-linux-x86_64-fedora-clang | 1.3-0 | 126.21 | OK | |||
r-devel-linux-x86_64-fedora-gcc | 1.3-0 | 128.44 | OK | |||
r-devel-windows-x86_64 | 1.3-0 | 14.00 | 87.00 | 101.00 | OK | |
r-patched-linux-x86_64 | 1.3-0 | 10.37 | 83.88 | 94.25 | OK | |
r-release-linux-x86_64 | OK | |||||
r-release-macos-arm64 | 1.3-0 | 51.00 | OK | |||
r-release-macos-x86_64 | 1.3-0 | 85.00 | OK | |||
r-release-windows-x86_64 | 1.3-0 | 16.00 | 90.00 | 106.00 | OK | |
r-oldrel-macos-arm64 | 1.3-0 | 49.00 | OK | |||
r-oldrel-macos-x86_64 | 1.3-0 | 68.00 | OK | |||
r-oldrel-windows-x86_64 | 1.3-0 | 18.00 | 116.00 | 134.00 | OK |
Version: 1.3-0
Check: CRAN incoming feasibility
Result: NOTE
Maintainer: ‘Wenchao Ma <wenchao.ma@ua.edu>’
No Authors@R field in DESCRIPTION.
Please add one, modifying
Authors@R: c(person(given = "Chia-Yi",
family = "Chiu",
role = "aut",
comment = "University of Minnesota"),
person(given = "Wenchao",
family = "Ma",
role = c("aut", "cre"),
email = "wenchao.ma@ua.edu",
comment = "The University of Alabama"))
as necessary.
Flavors: r-devel-linux-x86_64-debian-clang, r-devel-linux-x86_64-debian-gcc
These binaries (installable software) and packages are in development.
They may not be fully stable and should be used with caution. We make no claims about them.