Last updated on 2025-10-03 03:50:30 CEST.
Flavor | Version | Tinstall | Tcheck | Ttotal | Status | Flags |
---|---|---|---|---|---|---|
r-devel-linux-x86_64-debian-clang | 1.3-0 | 12.33 | 101.74 | 114.07 | NOTE | |
r-devel-linux-x86_64-debian-gcc | 1.3-0 | 7.89 | 65.91 | 73.80 | NOTE | |
r-devel-linux-x86_64-fedora-clang | 1.3-0 | 141.44 | OK | |||
r-devel-linux-x86_64-fedora-gcc | 1.3-0 | 147.19 | OK | |||
r-devel-windows-x86_64 | 1.3-0 | 17.00 | 92.00 | 109.00 | OK | |
r-patched-linux-x86_64 | 1.3-0 | 11.61 | 97.25 | 108.86 | OK | |
r-release-linux-x86_64 | 1.3-0 | 10.73 | 94.06 | 104.79 | OK | |
r-release-macos-arm64 | 1.3-0 | 51.00 | OK | |||
r-release-macos-x86_64 | 1.3-0 | 85.00 | OK | |||
r-release-windows-x86_64 | 1.3-0 | 16.00 | 93.00 | 109.00 | OK | |
r-oldrel-macos-arm64 | 1.3-0 | 49.00 | OK | |||
r-oldrel-macos-x86_64 | 1.3-0 | 68.00 | OK | |||
r-oldrel-windows-x86_64 | 1.3-0 | 23.00 | 126.00 | 149.00 | OK |
Version: 1.3-0
Check: CRAN incoming feasibility
Result: NOTE
Maintainer: ‘Wenchao Ma <wenchao.ma@ua.edu>’
No Authors@R field in DESCRIPTION.
Please add one, modifying
Authors@R: c(person(given = "Chia-Yi",
family = "Chiu",
role = "aut",
comment = "University of Minnesota"),
person(given = "Wenchao",
family = "Ma",
role = c("aut", "cre"),
email = "wenchao.ma@ua.edu",
comment = "The University of Alabama"))
as necessary.
Flavors: r-devel-linux-x86_64-debian-clang, r-devel-linux-x86_64-debian-gcc
These binaries (installable software) and packages are in development.
They may not be fully stable and should be used with caution. We make no claims about them.