CRAN Package Check Results for Package ACWR

Last updated on 2025-10-23 21:51:19 CEST.

Flavor Version Tinstall Tcheck Ttotal Status Flags
r-devel-linux-x86_64-debian-clang 0.1.0 2.61 29.69 32.30 NOTE
r-devel-linux-x86_64-debian-gcc 0.1.0 1.99 22.88 24.87 OK
r-devel-linux-x86_64-fedora-clang 0.1.0 48.77 OK
r-devel-linux-x86_64-fedora-gcc 0.1.0 13.00 31.86 44.86 OK
r-devel-windows-x86_64 0.1.0 4.00 62.00 66.00 OK
r-patched-linux-x86_64 0.1.0 2.94 27.93 30.87 OK
r-release-linux-x86_64 0.1.0 2.74 27.97 30.71 OK
r-release-macos-arm64 0.1.0 2.00 19.00 21.00 OK
r-release-macos-x86_64 0.1.0 2.00 29.00 31.00 OK
r-release-windows-x86_64 0.1.0 5.00 49.00 54.00 OK
r-oldrel-macos-arm64 0.1.0 2.00 18.00 20.00 OK
r-oldrel-macos-x86_64 0.1.0 3.00 27.00 30.00 OK
r-oldrel-windows-x86_64 0.1.0 6.00 54.00 60.00 OK

Check Details

Version: 0.1.0
Check: HTML version of manual
Result: NOTE Found the following HTML validation problems: training_blocks.html:54:1 (training_blocks.Rd:14): Warning: missing </ul> before </div> Flavor: r-devel-linux-x86_64-debian-clang

These binaries (installable software) and packages are in development.
They may not be fully stable and should be used with caution. We make no claims about them.