Last updated on 2025-02-16 10:50:41 CET.
Flavor | Version | Tinstall | Tcheck | Ttotal | Status | Flags |
---|---|---|---|---|---|---|
r-devel-linux-x86_64-debian-clang | 1.0.22 | 5.15 | 65.66 | 70.81 | NOTE | |
r-devel-linux-x86_64-debian-gcc | 1.0.22 | 3.67 | 43.71 | 47.38 | NOTE | |
r-devel-linux-x86_64-fedora-clang | 1.0.22 | 117.32 | NOTE | |||
r-devel-linux-x86_64-fedora-gcc | 1.0.22 | 121.34 | NOTE | |||
r-devel-macos-arm64 | 1.0.22 | 41.00 | NOTE | |||
r-devel-macos-x86_64 | 1.0.22 | 90.00 | NOTE | |||
r-devel-windows-x86_64 | 1.0.22 | 7.00 | 90.00 | 97.00 | NOTE | |
r-patched-linux-x86_64 | 1.0.22 | 4.92 | 63.14 | 68.06 | NOTE | |
r-release-linux-x86_64 | 1.0.22 | 4.06 | 62.48 | 66.54 | NOTE | |
r-release-macos-arm64 | 1.0.22 | 46.00 | NOTE | |||
r-release-macos-x86_64 | 1.0.22 | 62.00 | NOTE | |||
r-release-windows-x86_64 | 1.0.22 | 7.00 | 97.00 | 104.00 | NOTE | |
r-oldrel-macos-arm64 | 1.0.22 | 44.00 | NOTE | |||
r-oldrel-macos-x86_64 | 1.0.22 | 67.00 | NOTE | |||
r-oldrel-windows-x86_64 | 1.0.22 | 9.00 | 107.00 | 116.00 | NOTE |
Version: 1.0.22
Check: Rd files
Result: NOTE
checkRd: (-1) SVMDECON.Rd:23: Lost braces; missing escapes or markup?
23 | and the best result from three values of v = {0.25, 0.5, 0.75}
| ^
Flavors: r-devel-linux-x86_64-debian-clang, r-devel-linux-x86_64-debian-gcc, r-devel-linux-x86_64-fedora-clang, r-devel-linux-x86_64-fedora-gcc, r-devel-macos-arm64, r-devel-macos-x86_64, r-devel-windows-x86_64, r-patched-linux-x86_64, r-release-linux-x86_64, r-release-macos-arm64, r-release-macos-x86_64, r-release-windows-x86_64
Version: 1.0.22
Check: installed package size
Result: NOTE
installed size is 7.5Mb
sub-directories of 1Mb or more:
doc 7.1Mb
Flavors: r-release-macos-arm64, r-release-macos-x86_64, r-release-windows-x86_64, r-oldrel-macos-arm64, r-oldrel-macos-x86_64, r-oldrel-windows-x86_64
Version: 1.0.22
Check: package dependencies
Result: NOTE
Packages suggested but not available for checking: 'DeconRNASeq', 'WGCNA'
Flavors: r-oldrel-macos-arm64, r-oldrel-macos-x86_64
These binaries (installable software) and packages are in development.
They may not be fully stable and should be used with caution. We make no claims about them.