CRAN Package Check Results for Package ADCT

Last updated on 2025-02-07 12:49:58 CET.

Flavor Version Tinstall Tcheck Ttotal Status Flags
r-devel-linux-x86_64-debian-clang 0.1.0 1.90 22.31 24.21 OK
r-devel-linux-x86_64-debian-gcc 0.1.0 1.44 16.59 18.03 OK
r-devel-linux-x86_64-fedora-clang 0.1.0 39.39 OK
r-devel-linux-x86_64-fedora-gcc 0.1.0 37.20 OK
r-devel-windows-x86_64 0.1.0 2.00 46.00 48.00 OK
r-patched-linux-x86_64 0.1.0 1.52 22.23 23.75 NOTE
r-release-linux-x86_64 0.1.0 1.52 22.02 23.54 NOTE
r-release-macos-arm64 0.1.0 22.00 NOTE
r-release-macos-x86_64 0.1.0 24.00 NOTE
r-release-windows-x86_64 0.1.0 3.00 44.00 47.00 NOTE
r-oldrel-macos-arm64 0.1.0 17.00 NOTE
r-oldrel-macos-x86_64 0.1.0 23.00 NOTE
r-oldrel-windows-x86_64 0.1.0 3.00 49.00 52.00 NOTE

Check Details

Version: 0.1.0
Check: LazyData
Result: NOTE 'LazyData' is specified without a 'data' directory Flavors: r-patched-linux-x86_64, r-release-linux-x86_64, r-release-macos-arm64, r-release-macos-x86_64, r-release-windows-x86_64, r-oldrel-macos-arm64, r-oldrel-macos-x86_64, r-oldrel-windows-x86_64

Version: 0.1.0
Check: package dependencies
Result: NOTE Package suggested but not available for checking: ‘clinfun’ Flavor: r-oldrel-macos-x86_64

These binaries (installable software) and packages are in development.
They may not be fully stable and should be used with caution. We make no claims about them.