Last updated on 2025-05-21 21:49:09 CEST.
Flavor | Version | Tinstall | Tcheck | Ttotal | Status | Flags |
---|---|---|---|---|---|---|
r-devel-linux-x86_64-debian-clang | 0.3.3 | 49.19 | 62.20 | 111.39 | NOTE | |
r-devel-linux-x86_64-debian-gcc | 0.3.3 | 38.34 | 48.14 | 86.48 | NOTE | |
r-devel-linux-x86_64-fedora-clang | 0.3.3 | 191.38 | NOTE | |||
r-devel-linux-x86_64-fedora-gcc | 0.3.3 | 198.84 | NOTE | |||
r-devel-windows-x86_64 | 0.3.3 | 57.00 | 103.00 | 160.00 | NOTE | |
r-patched-linux-x86_64 | 0.3.3 | 59.22 | 59.52 | 118.74 | NOTE | |
r-release-linux-x86_64 | 0.3.3 | 52.50 | 59.82 | 112.32 | NOTE | |
r-release-macos-arm64 | 0.3.3 | 58.00 | NOTE | |||
r-release-macos-x86_64 | 0.3.3 | 117.00 | NOTE | |||
r-release-windows-x86_64 | 0.3.3 | 57.00 | 117.00 | 174.00 | NOTE | |
r-oldrel-macos-arm64 | 0.3.3 | 50.00 | NOTE | |||
r-oldrel-macos-x86_64 | 0.3.3 | 69.00 | NOTE | |||
r-oldrel-windows-x86_64 | 0.3.3 | 66.00 | 116.00 | 182.00 | NOTE |
Version: 0.3.3
Check: C++ specification
Result: NOTE
Specified C++11: please drop specification unless essential
Flavors: r-devel-linux-x86_64-debian-clang, r-devel-linux-x86_64-debian-gcc, r-devel-linux-x86_64-fedora-clang, r-devel-linux-x86_64-fedora-gcc, r-devel-windows-x86_64, r-patched-linux-x86_64, r-release-linux-x86_64, r-release-macos-arm64, r-release-macos-x86_64, r-release-windows-x86_64, r-oldrel-macos-arm64, r-oldrel-macos-x86_64, r-oldrel-windows-x86_64
Version: 0.3.3
Check: installed package size
Result: NOTE
installed size is 5.8Mb
sub-directories of 1Mb or more:
libs 5.6Mb
Flavors: r-oldrel-macos-arm64, r-oldrel-macos-x86_64
These binaries (installable software) and packages are in development.
They may not be fully stable and should be used with caution. We make no claims about them.