Last updated on 2025-05-01 10:50:03 CEST.
Flavor | Version | Tinstall | Tcheck | Ttotal | Status | Flags |
---|---|---|---|---|---|---|
r-devel-linux-x86_64-debian-clang | 0.2.0 | 71.36 | 30.27 | 101.63 | OK | |
r-devel-linux-x86_64-debian-gcc | 0.2.0 | 47.73 | 27.72 | 75.45 | OK | |
r-devel-linux-x86_64-fedora-clang | 0.2.0 | 197.56 | OK | |||
r-devel-linux-x86_64-fedora-gcc | 0.2.0 | 174.90 | OK | |||
r-devel-windows-x86_64 | 0.2.0 | 77.00 | 71.00 | 148.00 | OK | |
r-patched-linux-x86_64 | 0.2.0 | 64.86 | 35.60 | 100.46 | OK | |
r-release-linux-x86_64 | OK | |||||
r-release-macos-arm64 | 0.2.0 | 45.00 | OK | |||
r-release-macos-x86_64 | 0.2.0 | 53.00 | OK | |||
r-release-windows-x86_64 | 0.2.0 | 77.00 | 70.00 | 147.00 | OK | |
r-oldrel-macos-arm64 | 0.2.0 | 46.00 | NOTE | |||
r-oldrel-macos-x86_64 | 0.2.0 | 66.00 | NOTE | |||
r-oldrel-windows-x86_64 | 0.2.0 | 82.00 | 86.00 | 168.00 | OK |
Version: 0.2.0
Check: installed package size
Result: NOTE
installed size is 11.9Mb
sub-directories of 1Mb or more:
libs 11.8Mb
Flavors: r-oldrel-macos-arm64, r-oldrel-macos-x86_64
These binaries (installable software) and packages are in development.
They may not be fully stable and should be used with caution. We make no claims about them.