CRAN Package Check Results for Package AEDForecasting

Last updated on 2025-10-23 19:50:07 CEST.

Flavor Version Tinstall Tcheck Ttotal Status Flags
r-devel-linux-x86_64-debian-clang 0.20.0 1.84 24.44 26.28 OK
r-devel-linux-x86_64-debian-gcc 0.20.0 1.43 18.71 20.14 OK
r-devel-linux-x86_64-fedora-clang 0.20.0 40.47 OK
r-devel-linux-x86_64-fedora-gcc 0.20.0 54.02 OK
r-devel-windows-x86_64 0.20.0 3.00 58.00 61.00 OK
r-patched-linux-x86_64 0.20.0 1.86 24.02 25.88 OK
r-release-linux-x86_64 0.20.0 1.92 24.23 26.15 OK
r-release-macos-arm64 0.20.0 2.00 31.00 33.00 OK
r-release-macos-x86_64 0.20.0 2.00 33.00 35.00 OK
r-release-windows-x86_64 0.20.0 4.00 43.00 47.00 OK
r-oldrel-macos-arm64 0.20.0 1.00 21.00 22.00 NOTE
r-oldrel-macos-x86_64 0.20.0 2.00 30.00 32.00 NOTE
r-oldrel-windows-x86_64 0.20.0 4.00 49.00 53.00 NOTE

Check Details

Version: 0.20.0
Check: LazyData
Result: NOTE 'LazyData' is specified without a 'data' directory Flavors: r-oldrel-macos-arm64, r-oldrel-macos-x86_64, r-oldrel-windows-x86_64

These binaries (installable software) and packages are in development.
They may not be fully stable and should be used with caution. We make no claims about them.