CRAN Package Check Results for Package AEenrich

Last updated on 2025-10-09 23:51:07 CEST.

Flavor Version Tinstall Tcheck Ttotal Status Flags
r-devel-linux-x86_64-debian-clang 1.1.0 7.77 64.61 72.38 NOTE
r-devel-linux-x86_64-debian-gcc 1.1.0 5.55 44.41 49.96 NOTE
r-devel-linux-x86_64-fedora-clang 1.1.0 107.37 NOTE
r-devel-linux-x86_64-fedora-gcc 1.1.0 99.10 NOTE
r-devel-windows-x86_64 1.1.0 10.00 92.00 102.00 NOTE
r-patched-linux-x86_64 1.1.0 7.55 58.63 66.18 NOTE
r-release-linux-x86_64 1.1.0 6.63 58.23 64.86 NOTE
r-release-macos-arm64 1.1.0 26.00 NOTE
r-release-macos-x86_64 1.1.0 43.00 NOTE
r-release-windows-x86_64 1.1.0 9.00 78.00 87.00 NOTE
r-oldrel-macos-arm64 1.1.0 28.00 NOTE
r-oldrel-macos-x86_64 1.1.0 41.00 NOTE
r-oldrel-windows-x86_64 1.1.0 13.00 91.00 104.00 NOTE

Check Details

Version: 1.1.0
Check: CRAN incoming feasibility
Result: NOTE Maintainer: ‘Michael Kleinsasser <mkleinsa@umich.edu>’ The Description field contains <arXiv:2007.02266>. Please refer to arXiv e-prints via their arXiv DOI <doi:10.48550/arXiv.YYMM.NNNNN>. Flavors: r-devel-linux-x86_64-debian-clang, r-devel-linux-x86_64-debian-gcc

Version: 1.1.0
Check: Rd files
Result: NOTE checkRd: (-1) count_cases.Rd:49: Lost braces in \itemize; \value handles \item{}{} directly checkRd: (-1) count_cases.Rd:50: Lost braces in \itemize; \value handles \item{}{} directly checkRd: (-1) count_cases.Rd:51: Lost braces in \itemize; \value handles \item{}{} directly checkRd: (-1) count_cases.Rd:52: Lost braces in \itemize; \value handles \item{}{} directly checkRd: (-1) count_cases.Rd:53: Lost braces in \itemize; \value handles \item{}{} directly checkRd: (-1) enrich.Rd:75: Lost braces in \itemize; \value handles \item{}{} directly checkRd: (-1) enrich.Rd:76: Lost braces in \itemize; \value handles \item{}{} directly checkRd: (-1) enrich.Rd:77: Lost braces in \itemize; \value handles \item{}{} directly checkRd: (-1) enrich.Rd:78: Lost braces in \itemize; \value handles \item{}{} directly checkRd: (-1) enrich.Rd:83: Lost braces in \itemize; \value handles \item{}{} directly checkRd: (-1) enrich.Rd:84: Lost braces in \itemize; \value handles \item{}{} directly checkRd: (-1) enrich.Rd:85: Lost braces in \itemize; \value handles \item{}{} directly checkRd: (-1) enrich.Rd:86: Lost braces in \itemize; \value handles \item{}{} directly checkRd: (-1) enrich.Rd:87: Lost braces in \itemize; \value handles \item{}{} directly checkRd: (-1) enrich.Rd:88: Lost braces in \itemize; \value handles \item{}{} directly Flavors: r-devel-linux-x86_64-debian-clang, r-devel-linux-x86_64-debian-gcc, r-devel-linux-x86_64-fedora-clang, r-devel-linux-x86_64-fedora-gcc, r-devel-windows-x86_64, r-patched-linux-x86_64, r-release-linux-x86_64, r-release-macos-arm64, r-release-macos-x86_64, r-release-windows-x86_64, r-oldrel-macos-arm64, r-oldrel-macos-x86_64, r-oldrel-windows-x86_64

These binaries (installable software) and packages are in development.
They may not be fully stable and should be used with caution. We make no claims about them.