CRAN Package Check Results for Package AF

Last updated on 2025-07-22 13:49:07 CEST.

Flavor Version Tinstall Tcheck Ttotal Status Flags
r-devel-linux-x86_64-debian-clang 0.1.5 8.88 75.81 84.69 NOTE
r-devel-linux-x86_64-debian-gcc 0.1.5 6.67 66.69 73.36 NOTE
r-devel-linux-x86_64-fedora-clang 0.1.5 126.39 OK
r-devel-linux-x86_64-fedora-gcc 0.1.5 127.19 OK
r-devel-windows-x86_64 0.1.5 9.00 93.00 102.00 OK
r-patched-linux-x86_64 0.1.5 9.17 74.38 83.55 OK
r-release-linux-x86_64 0.1.5 7.61 73.74 81.35 OK
r-release-macos-arm64 0.1.5 50.00 OK
r-release-macos-x86_64 0.1.5 77.00 OK
r-release-windows-x86_64 0.1.5 10.00 85.00 95.00 OK
r-oldrel-macos-arm64 0.1.5 39.00 OK
r-oldrel-macos-x86_64 0.1.5 61.00 OK
r-oldrel-windows-x86_64 0.1.5 12.00 104.00 116.00 OK

Check Details

Version: 0.1.5
Check: CRAN incoming feasibility
Result: NOTE Maintainer: ‘Elisabeth Dahlqwist <elisabeth.dahlqwist88@gmail.com>’ No Authors@R field in DESCRIPTION. Please add one, modifying Authors@R: c(person(given = "Elisabeth", family = "Dahlqwist", role = c("aut", "cre"), email = "elisabeth.dahlqwist88@gmail.com"), person(given = "Arvid", family = "Sjolander", role = "aut")) as necessary. Flavors: r-devel-linux-x86_64-debian-clang, r-devel-linux-x86_64-debian-gcc

These binaries (installable software) and packages are in development.
They may not be fully stable and should be used with caution. We make no claims about them.