CRAN Package Check Results for Package AFFECT

Last updated on 2025-07-01 15:49:41 CEST.

Flavor Version Tinstall Tcheck Ttotal Status Flags
r-devel-linux-x86_64-debian-clang 0.1.2 5.35 50.81 56.16 NOTE
r-devel-linux-x86_64-debian-gcc 0.1.2 3.62 34.45 38.07 NOTE
r-devel-linux-x86_64-fedora-clang 0.1.2 85.09 OK
r-devel-linux-x86_64-fedora-gcc 0.1.2 80.81 OK
r-devel-windows-x86_64 0.1.2 8.00 80.00 88.00 OK
r-patched-linux-x86_64 OK
r-release-linux-x86_64 0.1.2 5.10 46.79 51.89 OK
r-release-macos-arm64 0.1.2 33.00 OK
r-release-macos-x86_64 0.1.2 46.00 OK
r-release-windows-x86_64 0.1.2 8.00 67.00 75.00 OK
r-oldrel-macos-arm64 0.1.2 26.00 OK
r-oldrel-macos-x86_64 0.1.2 40.00 OK
r-oldrel-windows-x86_64 0.1.2 9.00 82.00 91.00 OK

Check Details

Version: 0.1.2
Check: CRAN incoming feasibility
Result: NOTE Maintainer: ‘Hsiao-Ting Huang <nikkihuang309700034@gmail.com>’ No Authors@R field in DESCRIPTION. Please add one, modifying Authors@R: person(given = "Hsiao-Ting", family = "Huang", role = c("aut", "cre"), email = "lchen723@nccu.edu.tw") as necessary. Flavors: r-devel-linux-x86_64-debian-clang, r-devel-linux-x86_64-debian-gcc

These binaries (installable software) and packages are in development.
They may not be fully stable and should be used with caution. We make no claims about them.