Last updated on 2025-05-07 15:49:10 CEST.
Flavor | Version | Tinstall | Tcheck | Ttotal | Status | Flags |
---|---|---|---|---|---|---|
r-devel-linux-x86_64-debian-clang | 0.1.2 | 5.20 | 48.92 | 54.12 | NOTE | |
r-devel-linux-x86_64-debian-gcc | 0.1.2 | 3.67 | 34.38 | 38.05 | NOTE | |
r-devel-linux-x86_64-fedora-clang | 0.1.2 | 78.20 | OK | |||
r-devel-linux-x86_64-fedora-gcc | 0.1.2 | 82.74 | OK | |||
r-devel-windows-x86_64 | 0.1.2 | 7.00 | 79.00 | 86.00 | OK | |
r-patched-linux-x86_64 | 0.1.2 | 4.42 | 46.92 | 51.34 | OK | |
r-release-linux-x86_64 | 0.1.2 | 4.60 | 46.34 | 50.94 | OK | |
r-release-macos-arm64 | 0.1.2 | 33.00 | OK | |||
r-release-macos-x86_64 | 0.1.2 | 46.00 | OK | |||
r-release-windows-x86_64 | 0.1.2 | 8.00 | 66.00 | 74.00 | OK | |
r-oldrel-macos-arm64 | 0.1.2 | 26.00 | OK | |||
r-oldrel-macos-x86_64 | 0.1.2 | 40.00 | OK | |||
r-oldrel-windows-x86_64 | 0.1.2 | 8.00 | 78.00 | 86.00 | OK |
Version: 0.1.2
Check: CRAN incoming feasibility
Result: NOTE
Maintainer: ‘Hsiao-Ting Huang <nikkihuang309700034@gmail.com>’
No Authors@R field in DESCRIPTION.
Please add one, modifying
Authors@R: person(given = "Hsiao-Ting",
family = "Huang",
role = c("aut", "cre"),
email = "lchen723@nccu.edu.tw")
as necessary.
Flavors: r-devel-linux-x86_64-debian-clang, r-devel-linux-x86_64-debian-gcc
These binaries (installable software) and packages are in development.
They may not be fully stable and should be used with caution. We make no claims about them.