Last updated on 2024-07-27 15:50:10 CEST.
Flavor | Version | Tinstall | Tcheck | Ttotal | Status | Flags |
---|---|---|---|---|---|---|
r-devel-linux-x86_64-debian-clang | 2.0 | 32.97 | 116.19 | 149.16 | NOTE | |
r-devel-linux-x86_64-debian-gcc | 2.0 | NOTE | ||||
r-devel-linux-x86_64-fedora-clang | 2.0 | 344.34 | NOTE | |||
r-devel-linux-x86_64-fedora-gcc | 2.0 | 314.71 | NOTE | |||
r-devel-windows-x86_64 | 2.0 | 28.00 | 178.00 | 206.00 | NOTE | |
r-patched-linux-x86_64 | 2.0 | NOTE | ||||
r-release-linux-x86_64 | 2.0 | 21.02 | 107.36 | 128.38 | NOTE | |
r-release-macos-arm64 | 2.0 | 76.00 | NOTE | |||
r-release-macos-x86_64 | 2.0 | 126.00 | NOTE | |||
r-release-windows-x86_64 | 2.0 | 28.00 | 182.00 | 210.00 | NOTE | |
r-oldrel-macos-arm64 | 2.0 | 86.00 | OK | |||
r-oldrel-macos-x86_64 | 2.0 | 144.00 | OK | |||
r-oldrel-windows-x86_64 | 2.0 | 38.00 | 230.00 | 268.00 | OK |
Version: 2.0
Check: Rd files
Result: NOTE
checkRd: (-1) getNetworkGridLayout.Rd:6-11: Lost braces
6 | getCoordinatesFromVertexId2<-function(AFMImage, vId) {
| ^
Flavors: r-devel-linux-x86_64-debian-clang, r-devel-linux-x86_64-debian-gcc, r-devel-linux-x86_64-fedora-clang, r-devel-linux-x86_64-fedora-gcc, r-devel-windows-x86_64, r-patched-linux-x86_64, r-release-linux-x86_64, r-release-macos-arm64, r-release-macos-x86_64, r-release-windows-x86_64
Version: 2.0
Check: Rd cross-references
Result: NOTE
Found the following Rd file(s) with Rd \link{} targets missing package
anchors:
AFM.Rd: gstat, fractaldim, rgl
AFMFractalDimensionAnalyser-getFractalDimensions.Rd: fractaldim
AFMImageFractalDimensionMethod-class.Rd: fractaldim
AFMImageNetworksAnalysis-class.Rd: igraph
AFMImageVariogramAnalysis-evaluateVariogramModels-method.Rd: gstat
displayHolesIn3D.Rd: rgl
displayIn3D.Rd: rgl
exportToSTL.Rd: rgl
getCircleSpatialPoints.Rd: SpatialPoints
putImagesFromAnalysisOnDisk.Rd: rgl
Please provide package anchors for all Rd \link{} targets not in the
package itself and the base packages.
Flavors: r-devel-linux-x86_64-debian-gcc, r-devel-windows-x86_64
These binaries (installable software) and packages are in development.
They may not be fully stable and should be used with caution. We make no claims about them.