CRAN Package Check Results for Package AFR

Last updated on 2025-05-25 21:48:29 CEST.

Flavor Version Tinstall Tcheck Ttotal Status Flags
r-devel-linux-x86_64-debian-clang 0.3.6 9.28 91.86 101.14 OK
r-devel-linux-x86_64-debian-gcc 0.3.6 6.16 64.46 70.62 OK
r-devel-linux-x86_64-fedora-clang 0.3.6 156.94 NOTE
r-devel-linux-x86_64-fedora-gcc 0.3.6 159.82 NOTE
r-devel-windows-x86_64 0.3.6 11.00 100.00 111.00 OK
r-patched-linux-x86_64 0.3.6 9.22 85.05 94.27 OK
r-release-linux-x86_64 0.3.6 8.71 83.68 92.39 OK
r-release-macos-arm64 0.3.6 48.00 OK
r-release-macos-x86_64 0.3.6 87.00 OK
r-release-windows-x86_64 0.3.6 12.00 102.00 114.00 OK
r-oldrel-macos-arm64 0.3.6 51.00 OK
r-oldrel-macos-x86_64 0.3.6 94.00 OK
r-oldrel-windows-x86_64 0.3.6 16.00 122.00 138.00 OK

Check Details

Version: 0.3.6
Check: dependencies in R code
Result: NOTE Namespaces in Imports field not imported from: ‘mFilter’ ‘regclass’ ‘writexl’ All declared Imports should be used. Flavors: r-devel-linux-x86_64-fedora-clang, r-devel-linux-x86_64-fedora-gcc

These binaries (installable software) and packages are in development.
They may not be fully stable and should be used with caution. We make no claims about them.