CRAN Package Check Results for Package AFR

Last updated on 2025-07-26 07:50:15 CEST.

Flavor Version Tinstall Tcheck Ttotal Status Flags
r-devel-linux-x86_64-debian-clang 0.3.6 9.01 88.93 97.94 OK
r-devel-linux-x86_64-debian-gcc 0.3.6 6.44 63.49 69.93 OK
r-devel-linux-x86_64-fedora-clang 0.3.6 155.55 NOTE
r-devel-linux-x86_64-fedora-gcc 0.3.6 167.11 NOTE
r-devel-windows-x86_64 0.3.6 13.00 100.00 113.00 OK
r-patched-linux-x86_64 0.3.6 8.94 84.19 93.13 OK
r-release-linux-x86_64 0.3.6 8.25 83.40 91.65 OK
r-release-macos-arm64 0.3.6 48.00 OK
r-release-macos-x86_64 0.3.6 87.00 OK
r-release-windows-x86_64 0.3.6 11.00 101.00 112.00 OK
r-oldrel-macos-arm64 0.3.6 51.00 OK
r-oldrel-macos-x86_64 0.3.6 94.00 OK
r-oldrel-windows-x86_64 0.3.6 15.00 124.00 139.00 OK

Check Details

Version: 0.3.6
Check: dependencies in R code
Result: NOTE Namespaces in Imports field not imported from: ‘mFilter’ ‘regclass’ ‘writexl’ All declared Imports should be used. Flavors: r-devel-linux-x86_64-fedora-clang, r-devel-linux-x86_64-fedora-gcc

These binaries (installable software) and packages are in development.
They may not be fully stable and should be used with caution. We make no claims about them.