CRAN Package Check Results for Package AGPRIS

Last updated on 2025-04-16 00:49:34 CEST.

Flavor Version Tinstall Tcheck Ttotal Status Flags
r-devel-linux-x86_64-debian-clang 2.0 2.88 28.10 30.98 OK
r-devel-linux-x86_64-debian-gcc 2.0 2.78 21.33 24.11 OK
r-devel-linux-x86_64-fedora-clang 2.0 51.24 OK
r-devel-linux-x86_64-fedora-gcc 2.0 47.87 OK
r-devel-windows-x86_64 2.0 7.00 51.00 58.00 OK
r-patched-linux-x86_64 2.0 4.00 27.71 31.71 OK
r-release-linux-x86_64 2.0 3.32 27.46 30.78 OK
r-release-macos-arm64 2.0 27.00 OK
r-release-macos-x86_64 2.0 40.00 OK
r-release-windows-x86_64 2.0 7.00 50.00 57.00 OK
r-oldrel-macos-arm64 2.0 21.00 NOTE
r-oldrel-macos-x86_64 2.0 35.00 NOTE
r-oldrel-windows-x86_64 2.0 7.00 53.00 60.00 OK

Check Details

Version: 2.0
Check: package dependencies
Result: NOTE Package suggested but not available for checking: ‘INLA’ Flavors: r-oldrel-macos-arm64, r-oldrel-macos-x86_64

These binaries (installable software) and packages are in development.
They may not be fully stable and should be used with caution. We make no claims about them.