Last updated on 2025-02-19 18:50:55 CET.
Flavor | Version | Tinstall | Tcheck | Ttotal | Status | Flags |
---|---|---|---|---|---|---|
r-devel-linux-x86_64-debian-clang | 1.0.1 | 17.21 | 96.40 | 113.61 | OK | |
r-devel-linux-x86_64-debian-gcc | 1.0.1 | 11.42 | 70.56 | 81.98 | OK | |
r-devel-linux-x86_64-fedora-clang | 1.0.1 | 181.01 | NOTE | |||
r-devel-linux-x86_64-fedora-gcc | 1.0.1 | 187.74 | NOTE | |||
r-devel-macos-arm64 | 1.0.1 | 57.00 | OK | |||
r-devel-macos-x86_64 | 1.0.1 | 89.00 | OK | |||
r-devel-windows-x86_64 | 1.0.1 | 18.00 | 99.00 | 117.00 | OK | |
r-patched-linux-x86_64 | 1.0.1 | 14.59 | 88.42 | 103.01 | OK | |
r-release-linux-x86_64 | 1.0.1 | 13.68 | 87.69 | 101.37 | OK | |
r-release-macos-arm64 | 1.0.1 | 55.00 | OK | |||
r-release-macos-x86_64 | 1.0.1 | 89.00 | OK | |||
r-release-windows-x86_64 | 1.0.1 | 19.00 | 100.00 | 119.00 | OK | |
r-oldrel-macos-arm64 | 1.0.1 | 62.00 | OK | |||
r-oldrel-macos-x86_64 | 1.0.1 | 96.00 | OK | |||
r-oldrel-windows-x86_64 | 1.0.1 | 21.00 | 122.00 | 143.00 | OK |
Version: 1.0.1
Check: dependencies in R code
Result: NOTE
Namespaces in Imports field not imported from:
‘devtools’ ‘mixexp’
All declared Imports should be used.
Flavors: r-devel-linux-x86_64-fedora-clang, r-devel-linux-x86_64-fedora-gcc
These binaries (installable software) and packages are in development.
They may not be fully stable and should be used with caution. We make no claims about them.