Last updated on 2025-05-08 04:51:58 CEST.
Flavor | Version | Tinstall | Tcheck | Ttotal | Status | Flags |
---|---|---|---|---|---|---|
r-devel-linux-x86_64-debian-clang | 1.0.1 | 15.26 | 95.56 | 110.82 | OK | |
r-devel-linux-x86_64-debian-gcc | 1.0.1 | 11.49 | 71.40 | 82.89 | OK | |
r-devel-linux-x86_64-fedora-clang | 1.0.1 | 170.21 | NOTE | |||
r-devel-linux-x86_64-fedora-gcc | 1.0.1 | 177.18 | NOTE | |||
r-devel-windows-x86_64 | 1.0.1 | 19.00 | 113.00 | 132.00 | OK | |
r-patched-linux-x86_64 | 1.0.1 | 15.46 | 90.71 | 106.17 | OK | |
r-release-linux-x86_64 | 1.0.1 | 14.57 | 89.41 | 103.98 | OK | |
r-release-macos-arm64 | 1.0.1 | 55.00 | OK | |||
r-release-macos-x86_64 | 1.0.1 | 106.00 | OK | |||
r-release-windows-x86_64 | 1.0.1 | 19.00 | 100.00 | 119.00 | OK | |
r-oldrel-macos-arm64 | 1.0.1 | 55.00 | OK | |||
r-oldrel-macos-x86_64 | 1.0.1 | 89.00 | OK | |||
r-oldrel-windows-x86_64 | 1.0.1 | 23.00 | 122.00 | 145.00 | OK |
Version: 1.0.1
Check: dependencies in R code
Result: NOTE
Namespaces in Imports field not imported from:
‘devtools’ ‘mixexp’
All declared Imports should be used.
Flavors: r-devel-linux-x86_64-fedora-clang, r-devel-linux-x86_64-fedora-gcc
These binaries (installable software) and packages are in development.
They may not be fully stable and should be used with caution. We make no claims about them.