Last updated on 2025-11-11 17:49:52 CET.
| Flavor | Version | Tinstall | Tcheck | Ttotal | Status | Flags |
|---|---|---|---|---|---|---|
| r-devel-linux-x86_64-debian-clang | 0.1.0 | 1.71 | 19.71 | 21.42 | OK | |
| r-devel-linux-x86_64-debian-gcc | 0.1.0 | 1.37 | 15.85 | 17.22 | OK | |
| r-devel-linux-x86_64-fedora-clang | 0.1.0 | 31.85 | OK | |||
| r-devel-linux-x86_64-fedora-gcc | 0.1.0 | 29.35 | OK | |||
| r-devel-windows-x86_64 | 0.1.0 | 5.00 | 40.00 | 45.00 | OK | |
| r-patched-linux-x86_64 | 0.1.0 | 1.51 | 18.38 | 19.89 | OK | |
| r-release-linux-x86_64 | 0.1.0 | 1.61 | 18.56 | 20.17 | OK | |
| r-release-macos-arm64 | 0.1.0 | 1.00 | 13.00 | 14.00 | OK | |
| r-release-macos-x86_64 | 0.1.0 | 2.00 | 21.00 | 23.00 | OK | |
| r-release-windows-x86_64 | 0.1.0 | 2.00 | 39.00 | 41.00 | OK | |
| r-oldrel-macos-arm64 | 0.1.0 | 1.00 | 17.00 | 18.00 | NOTE | |
| r-oldrel-macos-x86_64 | 0.1.0 | 2.00 | 18.00 | 20.00 | NOTE | |
| r-oldrel-windows-x86_64 | 0.1.0 | 4.00 | 41.00 | 45.00 | NOTE |
Version: 0.1.0
Check: LazyData
Result: NOTE
'LazyData' is specified without a 'data' directory
Flavors: r-oldrel-macos-arm64, r-oldrel-macos-x86_64, r-oldrel-windows-x86_64
These binaries (installable software) and packages are in development.
They may not be fully stable and should be used with caution. We make no claims about them.