Last updated on 2025-02-16 10:50:41 CET.
Flavor | Version | Tinstall | Tcheck | Ttotal | Status | Flags |
---|---|---|---|---|---|---|
r-devel-linux-x86_64-debian-clang | 0.1.0 | 11.05 | 83.53 | 94.58 | NOTE | |
r-devel-linux-x86_64-debian-gcc | 0.1.0 | 8.39 | 60.12 | 68.51 | NOTE | |
r-devel-linux-x86_64-fedora-clang | 0.1.0 | 153.23 | NOTE | |||
r-devel-linux-x86_64-fedora-gcc | 0.1.0 | 140.00 | NOTE | |||
r-devel-macos-arm64 | 0.1.0 | 44.00 | NOTE | |||
r-devel-macos-x86_64 | 0.1.0 | 85.00 | NOTE | |||
r-devel-windows-x86_64 | 0.1.0 | 11.00 | 107.00 | 118.00 | NOTE | |
r-patched-linux-x86_64 | 0.1.0 | 10.23 | 78.82 | 89.05 | NOTE | |
r-release-linux-x86_64 | 0.1.0 | 10.64 | 78.59 | 89.23 | NOTE | |
r-release-macos-arm64 | 0.1.0 | 41.00 | NOTE | |||
r-release-macos-x86_64 | 0.1.0 | 67.00 | NOTE | |||
r-release-windows-x86_64 | 0.1.0 | 12.00 | 99.00 | 111.00 | NOTE | |
r-oldrel-macos-arm64 | 0.1.0 | 45.00 | OK | |||
r-oldrel-macos-x86_64 | 0.1.0 | 77.00 | OK | |||
r-oldrel-windows-x86_64 | 0.1.0 | 17.00 | 125.00 | 142.00 | OK |
Version: 0.1.0
Check: Rd files
Result: NOTE
checkRd: (-1) AEHMLE.Rd:42-45: Lost braces
42 | \item{basehaz}{: {baseline hazard structure including baseline
| ^
checkRd: (-1) AHMLE.Rd:41-43: Lost braces
41 | \item{basehaz}{: {baseline hazard structure including baseline
| ^
Flavors: r-devel-linux-x86_64-debian-clang, r-devel-linux-x86_64-debian-gcc, r-devel-linux-x86_64-fedora-clang, r-devel-linux-x86_64-fedora-gcc, r-devel-macos-arm64, r-devel-macos-x86_64, r-devel-windows-x86_64, r-patched-linux-x86_64, r-release-linux-x86_64, r-release-macos-arm64, r-release-macos-x86_64, r-release-windows-x86_64
These binaries (installable software) and packages are in development.
They may not be fully stable and should be used with caution. We make no claims about them.