Last updated on 2025-05-01 14:49:03 CEST.
Flavor | Version | Tinstall | Tcheck | Ttotal | Status | Flags |
---|---|---|---|---|---|---|
r-devel-linux-x86_64-debian-clang | 1.0 | 2.55 | 26.11 | 28.66 | NOTE | |
r-devel-linux-x86_64-debian-gcc | 1.0 | 2.12 | 20.90 | 23.02 | NOTE | |
r-devel-linux-x86_64-fedora-clang | 1.0 | 44.64 | OK | |||
r-devel-linux-x86_64-fedora-gcc | 1.0 | 43.90 | OK | |||
r-devel-windows-x86_64 | 1.0 | 4.00 | 48.00 | 52.00 | OK | |
r-patched-linux-x86_64 | 1.0 | 2.63 | 25.41 | 28.04 | OK | |
r-release-linux-x86_64 | OK | |||||
r-release-macos-arm64 | 1.0 | 21.00 | OK | |||
r-release-macos-x86_64 | 1.0 | 31.00 | OK | |||
r-release-windows-x86_64 | 1.0 | 5.00 | 55.00 | 60.00 | OK | |
r-oldrel-macos-arm64 | 1.0 | 19.00 | OK | |||
r-oldrel-macos-x86_64 | 1.0 | 24.00 | OK | |||
r-oldrel-windows-x86_64 | 1.0 | 4.00 | 48.00 | 52.00 | OK |
Version: 1.0
Check: CRAN incoming feasibility
Result: NOTE
Maintainer: ‘Luis Benites Sanchez <lbenitesanchez@gmail.com>’
No Authors@R field in DESCRIPTION.
Please add one, modifying
Authors@R: c(person(given = c("Luis", "Benites"),
family = "Sanchez",
role = c("aut", "cre"),
email = "lbenitesanchez@gmail.com"),
person(given = c("Christian", "E."),
family = "Galarza",
role = "aut"),
person(given = c("Victor", "H."),
family = "Lachos",
role = "aut"))
as necessary.
Flavors: r-devel-linux-x86_64-debian-clang, r-devel-linux-x86_64-debian-gcc
These binaries (installable software) and packages are in development.
They may not be fully stable and should be used with caution. We make no claims about them.