CRAN Package Check Results for Package ALEPlot

Last updated on 2025-05-29 11:50:06 CEST.

Flavor Version Tinstall Tcheck Ttotal Status Flags
r-devel-linux-x86_64-debian-clang 1.1 2.88 36.32 39.20 NOTE
r-devel-linux-x86_64-debian-gcc 1.1 1.98 27.46 29.44 NOTE
r-devel-linux-x86_64-fedora-clang 1.1 64.18 OK
r-devel-linux-x86_64-fedora-gcc 1.1 74.99 OK
r-devel-windows-x86_64 1.1 5.00 84.00 89.00 OK
r-patched-linux-x86_64 1.1 2.95 34.87 37.82 OK
r-release-linux-x86_64 1.1 2.74 34.98 37.72 OK
r-release-macos-arm64 1.1 34.00 OK
r-release-macos-x86_64 1.1 56.00 OK
r-release-windows-x86_64 1.1 3.00 104.00 107.00 OK
r-oldrel-macos-arm64 1.1 28.00 OK
r-oldrel-macos-x86_64 1.1 49.00 OK
r-oldrel-windows-x86_64 1.1 3.00 85.00 88.00 OK

Check Details

Version: 1.1
Check: CRAN incoming feasibility
Result: NOTE Maintainer: ‘Dan Apley <apley@northwestern.edu>’ No Authors@R field in DESCRIPTION. Please add one, modifying Authors@R: person(given = "Dan", family = "Apley", role = c("aut", "cre"), email = "apley@northwestern.edu") as necessary. File 'R/ALEPlot-internal.R' sets .Random.seed. This is usually neither needed nor wanted. Flavors: r-devel-linux-x86_64-debian-clang, r-devel-linux-x86_64-debian-gcc

These binaries (installable software) and packages are in development.
They may not be fully stable and should be used with caution. We make no claims about them.