Last updated on 2025-02-16 10:50:41 CET.
Flavor | Version | Tinstall | Tcheck | Ttotal | Status | Flags |
---|---|---|---|---|---|---|
r-devel-linux-x86_64-debian-clang | 0.1.3 | 3.89 | 55.05 | 58.94 | NOTE | |
r-devel-linux-x86_64-debian-gcc | 0.1.3 | 3.27 | 40.80 | 44.07 | NOTE | |
r-devel-linux-x86_64-fedora-clang | 0.1.3 | 98.45 | NOTE | |||
r-devel-linux-x86_64-fedora-gcc | 0.1.3 | 106.02 | NOTE | |||
r-devel-macos-arm64 | 0.1.3 | 43.00 | OK | |||
r-devel-macos-x86_64 | 0.1.3 | 69.00 | NOTE | |||
r-devel-windows-x86_64 | 0.1.3 | 6.00 | 75.00 | 81.00 | NOTE | |
r-patched-linux-x86_64 | 0.1.3 | 4.78 | 51.55 | 56.33 | OK | |
r-release-linux-x86_64 | 0.1.3 | 4.03 | 51.57 | 55.60 | OK | |
r-release-macos-arm64 | 0.1.3 | 40.00 | OK | |||
r-release-macos-x86_64 | 0.1.3 | 67.00 | OK | |||
r-release-windows-x86_64 | 0.1.3 | 7.00 | 78.00 | 85.00 | OK | |
r-oldrel-macos-arm64 | 0.1.3 | 41.00 | OK | |||
r-oldrel-macos-x86_64 | 0.1.3 | 120.00 | OK | |||
r-oldrel-windows-x86_64 | 0.1.3 | 7.00 | 80.00 | 87.00 | OK |
Version: 0.1.3
Check: DESCRIPTION meta-information
Result: NOTE
Missing dependency on R >= 4.1.0 because package code uses the pipe
|> or function shorthand \(...) syntax added in R 4.1.0.
File(s) using such syntax:
‘ANOFA-contrastFrequencies.R’ ‘ANOFA-emFrequencies.R’
Flavors: r-devel-linux-x86_64-debian-clang, r-devel-linux-x86_64-debian-gcc, r-devel-linux-x86_64-fedora-clang, r-devel-linux-x86_64-fedora-gcc, r-devel-macos-x86_64, r-devel-windows-x86_64
These binaries (installable software) and packages are in development.
They may not be fully stable and should be used with caution. We make no claims about them.