CRAN Package Check Results for Package ANOM

Last updated on 2025-07-26 01:50:43 CEST.

Flavor Version Tinstall Tcheck Ttotal Status Flags
r-devel-linux-x86_64-debian-clang 0.5 12.35 108.34 120.69 NOTE
r-devel-linux-x86_64-debian-gcc 0.5 7.40 79.21 86.61 NOTE
r-devel-linux-x86_64-fedora-clang 0.5 190.88 OK
r-devel-linux-x86_64-fedora-gcc 0.5 200.12 OK
r-devel-windows-x86_64 0.5 13.00 126.00 139.00 OK
r-patched-linux-x86_64 0.5 11.24 100.46 111.70 OK
r-release-linux-x86_64 0.5 11.98 102.32 114.30 OK
r-release-macos-arm64 0.5 76.00 OK
r-release-macos-x86_64 0.5 134.00 OK
r-release-windows-x86_64 0.5 14.00 127.00 141.00 OK
r-oldrel-macos-arm64 0.5 57.00 OK
r-oldrel-macos-x86_64 0.5 134.00 OK
r-oldrel-windows-x86_64 0.5 17.00 153.00 170.00 OK

Check Details

Version: 0.5
Check: CRAN incoming feasibility
Result: NOTE Maintainer: ‘Philip Pallmann <p.pallmann@lancaster.ac.uk>’ No Authors@R field in DESCRIPTION. Please add one, modifying Authors@R: person(given = "Philip", family = "Pallmann", role = c("aut", "cre"), email = "p.pallmann@lancaster.ac.uk") as necessary. Package CITATION file contains call(s) to old-style personList() or as.personList(). Please use c() on person objects instead. Package CITATION file contains call(s) to old-style citEntry(). Please use bibentry() instead. Flavors: r-devel-linux-x86_64-debian-clang, r-devel-linux-x86_64-debian-gcc

These binaries (installable software) and packages are in development.
They may not be fully stable and should be used with caution. We make no claims about them.