CRAN Package Check Results for Package AOV1R

Last updated on 2025-05-08 04:51:59 CEST.

Flavor Version Tinstall Tcheck Ttotal Status Flags
r-devel-linux-x86_64-debian-clang 0.1.0 2.95 32.64 35.59 NOTE
r-devel-linux-x86_64-debian-gcc 0.1.0 2.21 24.11 26.32 NOTE
r-devel-linux-x86_64-fedora-clang 0.1.0 56.23 OK
r-devel-linux-x86_64-fedora-gcc 0.1.0 66.91 OK
r-devel-windows-x86_64 0.1.0 5.00 53.00 58.00 OK
r-patched-linux-x86_64 0.1.0 3.00 30.30 33.30 OK
r-release-linux-x86_64 0.1.0 3.08 30.32 33.40 OK
r-release-macos-arm64 0.1.0 34.00 OK
r-release-macos-x86_64 0.1.0 54.00 OK
r-release-windows-x86_64 0.1.0 5.00 54.00 59.00 OK
r-oldrel-macos-arm64 0.1.0 27.00 OK
r-oldrel-macos-x86_64 0.1.0 40.00 OK
r-oldrel-windows-x86_64 0.1.0 6.00 60.00 66.00 OK

Check Details

Version: 0.1.0
Check: CRAN incoming feasibility
Result: NOTE Maintainer: ‘Stéphane Laurent <laurent_step@outlook.fr>’ No Authors@R field in DESCRIPTION. Please add one, modifying Authors@R: person(given = "Stéphane", family = "Laurent", role = c("aut", "cre"), email = "laurent_step@outlook.fr") as necessary. Flavors: r-devel-linux-x86_64-debian-clang, r-devel-linux-x86_64-debian-gcc

These binaries (installable software) and packages are in development.
They may not be fully stable and should be used with caution. We make no claims about them.