Last updated on 2025-10-23 11:50:06 CEST.
Flavor | Version | Tinstall | Tcheck | Ttotal | Status | Flags |
---|---|---|---|---|---|---|
r-devel-linux-x86_64-debian-clang | 1.0.8 | 13.55 | 270.79 | 284.34 | NOTE | |
r-devel-linux-x86_64-debian-gcc | 1.0.8 | 10.40 | 184.92 | 195.32 | OK | |
r-devel-linux-x86_64-fedora-clang | 1.0.8 | 30.00 | 386.92 | 416.92 | OK | |
r-devel-linux-x86_64-fedora-gcc | 1.0.8 | 30.00 | 415.93 | 445.93 | OK | |
r-devel-windows-x86_64 | 1.0.8 | 15.00 | 219.00 | 234.00 | OK | |
r-patched-linux-x86_64 | 1.0.8 | 14.60 | 252.25 | 266.85 | OK | |
r-release-linux-x86_64 | 1.0.8 | 11.70 | 251.33 | 263.03 | OK | |
r-release-macos-arm64 | 1.0.8 | 5.00 | 85.00 | 90.00 | OK | |
r-release-macos-x86_64 | 1.0.8 | 11.00 | 235.00 | 246.00 | OK | |
r-release-windows-x86_64 | 1.0.8 | 16.00 | 222.00 | 238.00 | OK | |
r-oldrel-macos-arm64 | 1.0.8 | 6.00 | 92.00 | 98.00 | NOTE | |
r-oldrel-macos-x86_64 | 1.0.8 | 11.00 | 181.00 | 192.00 | NOTE | |
r-oldrel-windows-x86_64 | 1.0.8 | 22.00 | 291.00 | 313.00 | NOTE |
Version: 1.0.8
Check: HTML version of manual
Result: NOTE
Found the following HTML validation problems:
capitalize_firstLetter.html:48:1 (capitalize_firstLetter.Rd:10): Warning: missing </ul> before </div>
compute_xCoordinate.html:47:1 (compute_xCoordinate.Rd:10): Warning: missing </ul> before </div>
compute_yCoordinate.html:51:1 (compute_yCoordinate.Rd:12): Warning: missing </ul> before </div>
create_highlightDiagonalData.html:54:1 (create_highlightDiagonalData.Rd:15): Warning: missing </ul> before </div>
ensure_segmentsInPlotRange.html:55:1 (ensure_segmentsInPlotRange.Rd:13): Warning: missing </ul> before </div>
get_plotGAMobject.html:48:1 (get_plotGAMobject.Rd:11): Warning: missing </ul> before </div>
gg_addReferenceLines.html:84:1 (gg_addReferenceLines.Rd:36): Warning: missing </ul> before </div>
gg_highlightDiagonals.html:60:1 (gg_highlightDiagonals.Rd:18): Warning: missing </ul> before </div>
plot_density_categorical.html:74:1 (plot_density_categorical.Rd:29): Warning: missing </ul> before </div>
plot_density_metric.html:108:1 (plot_density_metric.Rd:53): Warning: missing </ul> before </div>
Flavor: r-devel-linux-x86_64-debian-clang
Version: 1.0.8
Check: installed package size
Result: NOTE
installed size is 5.9Mb
sub-directories of 1Mb or more:
doc 5.3Mb
Flavors: r-oldrel-macos-arm64, r-oldrel-macos-x86_64, r-oldrel-windows-x86_64
These binaries (installable software) and packages are in development.
They may not be fully stable and should be used with caution. We make no claims about them.