Last updated on 2025-05-01 17:55:57 CEST.
Flavor | Version | Tinstall | Tcheck | Ttotal | Status | Flags |
---|---|---|---|---|---|---|
r-devel-linux-x86_64-debian-clang | 1.0.4 | 13.34 | 226.28 | 239.62 | NOTE | |
r-devel-linux-x86_64-debian-gcc | 1.0.4 | 8.94 | 165.16 | 174.10 | OK | |
r-devel-linux-x86_64-fedora-clang | 1.0.4 | 354.98 | OK | |||
r-devel-linux-x86_64-fedora-gcc | 1.0.4 | 365.01 | OK | |||
r-devel-windows-x86_64 | 1.0.4 | 14.00 | 207.00 | 221.00 | OK | |
r-patched-linux-x86_64 | 1.0.4 | 13.55 | 219.69 | 233.24 | OK | |
r-release-linux-x86_64 | OK | |||||
r-release-macos-arm64 | 1.0.4 | 104.00 | OK | |||
r-release-macos-x86_64 | 1.0.4 | 225.00 | OK | |||
r-release-windows-x86_64 | 1.0.4 | 14.00 | 209.00 | 223.00 | OK | |
r-oldrel-macos-arm64 | 1.0.4 | 107.00 | OK | |||
r-oldrel-macos-x86_64 | 1.0.4 | 166.00 | OK | |||
r-oldrel-windows-x86_64 | 1.0.4 | 20.00 | 255.00 | 275.00 | OK |
Version: 1.0.4
Check: examples
Result: NOTE
Examples with CPU (user + system) or elapsed time > 5s
user system elapsed
plot_jointMarginalAPCeffects 4.657 0.088 6.468
plot_APCheatmap 4.369 0.037 6.152
Flavor: r-devel-linux-x86_64-debian-clang
These binaries (installable software) and packages are in development.
They may not be fully stable and should be used with caution. We make no claims about them.