Last updated on 2025-05-01 10:50:03 CEST.
Flavor | Version | Tinstall | Tcheck | Ttotal | Status | Flags |
---|---|---|---|---|---|---|
r-devel-linux-x86_64-debian-clang | 2.0.8 | 13.12 | 73.47 | 86.59 | NOTE | |
r-devel-linux-x86_64-debian-gcc | 2.0.8 | 8.47 | 51.99 | 60.46 | OK | |
r-devel-linux-x86_64-fedora-clang | 2.0.8 | 126.96 | OK | |||
r-devel-linux-x86_64-fedora-gcc | 2.0.8 | 125.46 | OK | |||
r-devel-windows-x86_64 | 2.0.8 | 17.00 | 101.00 | 118.00 | OK | |
r-patched-linux-x86_64 | 2.0.8 | 11.33 | 68.19 | 79.52 | OK | |
r-release-linux-x86_64 | OK | |||||
r-release-macos-arm64 | 2.0.8 | 47.00 | OK | |||
r-release-macos-x86_64 | 2.0.8 | 82.00 | OK | |||
r-release-windows-x86_64 | 2.0.8 | 19.00 | 102.00 | 121.00 | OK | |
r-oldrel-macos-arm64 | 2.0.8 | 47.00 | OK | |||
r-oldrel-macos-x86_64 | 2.0.8 | 76.00 | OK | |||
r-oldrel-windows-x86_64 | 2.0.8 | 20.00 | 123.00 | 143.00 | OK |
Version: 2.0.8
Check: examples
Result: NOTE
Examples with CPU (user + system) or elapsed time > 5s
user system elapsed
APIS_2n 1.574 0.057 17.782
APIS_3n 1.197 0.035 16.042
Flavor: r-devel-linux-x86_64-debian-clang
Version: 2.0.8
Check: examples
Result: NA
user system elapsed
APIS_2n 1.122 0.173 10.872
APIS_3n 0.734 0.010 10.398
OK
Flavor: r-devel-linux-x86_64-debian-gcc
These binaries (installable software) and packages are in development.
They may not be fully stable and should be used with caution. We make no claims about them.