CRAN Package Check Results for Package AQLSchemes

Last updated on 2025-07-19 13:50:05 CEST.

Flavor Version Tinstall Tcheck Ttotal Status Flags
r-devel-linux-x86_64-debian-clang 1.7-2 8.95 34.49 43.44 NOTE
r-devel-linux-x86_64-debian-gcc 1.7-2 5.72 25.88 31.60 NOTE
r-devel-linux-x86_64-fedora-clang 1.7-2 70.88 OK
r-devel-linux-x86_64-fedora-gcc 1.7-2 79.75 OK
r-devel-windows-x86_64 1.7-2 8.00 54.00 62.00 OK
r-patched-linux-x86_64 1.7-2 7.30 32.35 39.65 OK
r-release-linux-x86_64 1.7-2 7.71 32.17 39.88 OK
r-release-macos-arm64 1.7-2 39.00 OK
r-release-macos-x86_64 1.7-2 55.00 OK
r-release-windows-x86_64 1.7-2 9.00 54.00 63.00 OK
r-oldrel-macos-arm64 1.7-2 32.00 OK
r-oldrel-macos-x86_64 1.7-2 43.00 OK
r-oldrel-windows-x86_64 1.7-2 10.00 61.00 71.00 OK

Check Details

Version: 1.7-2
Check: CRAN incoming feasibility
Result: NOTE Maintainer: ‘John Lawson <lawsonjsl7net@gmail.com>’ No Authors@R field in DESCRIPTION. Please add one, modifying Authors@R: person(given = "John", family = "Lawson", role = c("aut", "cre"), email = "lawsonjsl7net@gmail.com") as necessary. Flavors: r-devel-linux-x86_64-debian-clang, r-devel-linux-x86_64-debian-gcc

These binaries (installable software) and packages are in development.
They may not be fully stable and should be used with caution. We make no claims about them.