CRAN Package Check Results for Package AQLSchemes

Last updated on 2025-05-08 04:51:59 CEST.

Flavor Version Tinstall Tcheck Ttotal Status Flags
r-devel-linux-x86_64-debian-clang 1.7-2 7.08 34.11 41.19 NOTE
r-devel-linux-x86_64-debian-gcc 1.7-2 5.66 25.11 30.77 NOTE
r-devel-linux-x86_64-fedora-clang 1.7-2 68.18 OK
r-devel-linux-x86_64-fedora-gcc 1.7-2 77.47 OK
r-devel-windows-x86_64 1.7-2 9.00 52.00 61.00 OK
r-patched-linux-x86_64 1.7-2 7.49 32.36 39.85 OK
r-release-linux-x86_64 1.7-2 7.52 32.55 40.07 OK
r-release-macos-arm64 1.7-2 39.00 OK
r-release-macos-x86_64 1.7-2 55.00 OK
r-release-windows-x86_64 1.7-2 8.00 55.00 63.00 OK
r-oldrel-macos-arm64 1.7-2 32.00 OK
r-oldrel-macos-x86_64 1.7-2 43.00 OK
r-oldrel-windows-x86_64 1.7-2 11.00 60.00 71.00 OK

Check Details

Version: 1.7-2
Check: CRAN incoming feasibility
Result: NOTE Maintainer: ‘John Lawson <lawsonjsl7net@gmail.com>’ No Authors@R field in DESCRIPTION. Please add one, modifying Authors@R: person(given = "John", family = "Lawson", role = c("aut", "cre"), email = "lawsonjsl7net@gmail.com") as necessary. Flavors: r-devel-linux-x86_64-debian-clang, r-devel-linux-x86_64-debian-gcc

These binaries (installable software) and packages are in development.
They may not be fully stable and should be used with caution. We make no claims about them.