CRAN Package Check Results for Package AR

Last updated on 2025-07-27 09:50:11 CEST.

Flavor Version Tinstall Tcheck Ttotal Status Flags
r-devel-linux-x86_64-debian-clang 1.1 1.68 20.91 22.59 NOTE
r-devel-linux-x86_64-debian-gcc 1.1 1.34 16.69 18.03 NOTE
r-devel-linux-x86_64-fedora-clang 1.1 35.94 OK
r-devel-linux-x86_64-fedora-gcc 1.1 35.88 OK
r-devel-windows-x86_64 1.1 4.00 40.00 44.00 OK
r-patched-linux-x86_64 1.1 1.81 19.78 21.59 OK
r-release-linux-x86_64 1.1 1.62 19.75 21.37 OK
r-release-macos-arm64 1.1 17.00 OK
r-release-macos-x86_64 1.1 26.00 OK
r-release-windows-x86_64 1.1 4.00 42.00 46.00 OK
r-oldrel-macos-arm64 1.1 16.00 OK
r-oldrel-macos-x86_64 1.1 21.00 OK
r-oldrel-windows-x86_64 1.1 3.00 42.00 45.00 OK

Check Details

Version: 1.1
Check: CRAN incoming feasibility
Result: NOTE Maintainer: ‘Abbas Parchami <parchami@uk.ac.ir>’ No Authors@R field in DESCRIPTION. Please add one, modifying Authors@R: person(given = "Abbas", family = "Parchami", role = c("aut", "cre"), email = "parchami@uk.ac.ir", comment = "Department of Statistics, Faculty of Mathematics and Computer, Shahid Bahonar University of Kerman, Kerman, Iran") as necessary. Flavors: r-devel-linux-x86_64-debian-clang, r-devel-linux-x86_64-debian-gcc

These binaries (installable software) and packages are in development.
They may not be fully stable and should be used with caution. We make no claims about them.