Last updated on 2025-11-12 12:53:04 CET.
| Flavor | Version | Tinstall | Tcheck | Ttotal | Status | Flags |
|---|---|---|---|---|---|---|
| r-devel-linux-x86_64-debian-clang | 1.1.5 | 50.18 | 206.31 | 256.49 | OK | |
| r-devel-linux-x86_64-debian-gcc | 1.1.5 | 36.41 | 152.54 | 188.95 | OK | |
| r-devel-linux-x86_64-fedora-clang | 1.1.5 | 131.00 | 289.61 | 420.61 | OK | |
| r-devel-linux-x86_64-fedora-gcc | 1.1.5 | 142.00 | 269.75 | 411.75 | OK | |
| r-devel-windows-x86_64 | 1.1.5 | 58.00 | 191.00 | 249.00 | OK | |
| r-patched-linux-x86_64 | 1.1.5 | 47.65 | 198.33 | 245.98 | OK | |
| r-release-linux-x86_64 | 1.1.5 | 49.29 | 202.06 | 251.35 | OK | |
| r-release-macos-arm64 | 1.1.5 | 38.00 | 70.00 | 108.00 | OK | |
| r-release-macos-x86_64 | 1.1.5 | 59.00 | 98.00 | 157.00 | OK | |
| r-release-windows-x86_64 | 1.1.5 | 59.00 | 187.00 | 246.00 | OK | |
| r-oldrel-macos-arm64 | 1.1.5 | 37.00 | 69.00 | 106.00 | NOTE | |
| r-oldrel-macos-x86_64 | 1.1.5 | 61.00 | 131.00 | 192.00 | NOTE | |
| r-oldrel-windows-x86_64 | 1.1.5 | 85.00 | 260.00 | 345.00 | OK |
Version: 1.1.5
Check: installed package size
Result: NOTE
installed size is 5.8Mb
sub-directories of 1Mb or more:
data 5.4Mb
Flavors: r-oldrel-macos-arm64, r-oldrel-macos-x86_64
These binaries (installable software) and packages are in development.
They may not be fully stable and should be used with caution. We make no claims about them.