Last updated on 2025-05-08 04:51:59 CEST.
Flavor | Version | Tinstall | Tcheck | Ttotal | Status | Flags |
---|---|---|---|---|---|---|
r-devel-linux-x86_64-debian-clang | 0.1.0 | 1.78 | 19.70 | 21.48 | NOTE | |
r-devel-linux-x86_64-debian-gcc | 0.1.0 | 1.33 | 15.54 | 16.87 | NOTE | |
r-devel-linux-x86_64-fedora-clang | 0.1.0 | 32.89 | OK | |||
r-devel-linux-x86_64-fedora-gcc | 0.1.0 | 31.67 | OK | |||
r-devel-windows-x86_64 | 0.1.0 | 3.00 | 45.00 | 48.00 | OK | |
r-patched-linux-x86_64 | 0.1.0 | 1.66 | 18.46 | 20.12 | OK | |
r-release-linux-x86_64 | 0.1.0 | 1.82 | 18.19 | 20.01 | OK | |
r-release-macos-arm64 | 0.1.0 | 16.00 | OK | |||
r-release-macos-x86_64 | 0.1.0 | 28.00 | OK | |||
r-release-windows-x86_64 | 0.1.0 | 4.00 | 46.00 | 50.00 | OK | |
r-oldrel-macos-arm64 | 0.1.0 | 22.00 | OK | |||
r-oldrel-macos-x86_64 | 0.1.0 | 22.00 | OK | |||
r-oldrel-windows-x86_64 | 0.1.0 | 4.00 | 46.00 | 50.00 | OK |
Version: 0.1.0
Check: CRAN incoming feasibility
Result: NOTE
Maintainer: ‘Ali Ghanbari <a.ghanbari541@gmail.com>’
No Authors@R field in DESCRIPTION.
Please add one, modifying
Authors@R: c(person(given = "Parinaz",
family = "Mehdipour",
role = "aut",
email = "mehdipoor.p@gmail.com"),
person(given = "Ali",
family = "Ghanbari",
role = c("cre", "aut"),
email = "a.ghanbari541@gmail.com"),
person(given = "Farshad",
family = "Farzadfar",
role = "cph",
email = "farzadfar3@yahoo.com"))
as necessary.
Flavors: r-devel-linux-x86_64-debian-clang, r-devel-linux-x86_64-debian-gcc
These binaries (installable software) and packages are in development.
They may not be fully stable and should be used with caution. We make no claims about them.