Last updated on 2025-11-11 17:49:52 CET.
| Flavor | Version | Tinstall | Tcheck | Ttotal | Status | Flags |
|---|---|---|---|---|---|---|
| r-devel-linux-x86_64-debian-clang | 0.1.0 | 1.85 | 21.21 | 23.06 | NOTE | |
| r-devel-linux-x86_64-debian-gcc | 0.1.0 | 1.43 | 16.99 | 18.42 | NOTE | |
| r-devel-linux-x86_64-fedora-clang | 0.1.0 | 33.54 | OK | |||
| r-devel-linux-x86_64-fedora-gcc | 0.1.0 | 31.81 | OK | |||
| r-devel-windows-x86_64 | 0.1.0 | 2.00 | 47.00 | 49.00 | OK | |
| r-patched-linux-x86_64 | 0.1.0 | 1.73 | 19.76 | 21.49 | OK | |
| r-release-linux-x86_64 | 0.1.0 | 1.71 | 19.96 | 21.67 | OK | |
| r-release-macos-arm64 | 0.1.0 | 1.00 | 15.00 | 16.00 | OK | |
| r-release-macos-x86_64 | 0.1.0 | 2.00 | 26.00 | 28.00 | OK | |
| r-release-windows-x86_64 | 0.1.0 | 3.00 | 44.00 | 47.00 | OK | |
| r-oldrel-macos-arm64 | 0.1.0 | 1.00 | 21.00 | 22.00 | OK | |
| r-oldrel-macos-x86_64 | 0.1.0 | 1.00 | 21.00 | 22.00 | OK | |
| r-oldrel-windows-x86_64 | 0.1.0 | 4.00 | 46.00 | 50.00 | OK |
Version: 0.1.0
Check: CRAN incoming feasibility
Result: NOTE
Maintainer: ‘Ali Ghanbari <a.ghanbari541@gmail.com>’
No Authors@R field in DESCRIPTION.
Please add one, modifying
Authors@R: c(person(given = "Parinaz",
family = "Mehdipour",
role = "aut",
email = "mehdipoor.p@gmail.com"),
person(given = "Ali",
family = "Ghanbari",
role = c("cre", "aut"),
email = "a.ghanbari541@gmail.com"),
person(given = "Farshad",
family = "Farzadfar",
role = "cph",
email = "farzadfar3@yahoo.com"))
as necessary.
Flavors: r-devel-linux-x86_64-debian-clang, r-devel-linux-x86_64-debian-gcc
These binaries (installable software) and packages are in development.
They may not be fully stable and should be used with caution. We make no claims about them.