Last updated on 2025-05-21 21:49:10 CEST.
Flavor | Version | Tinstall | Tcheck | Ttotal | Status | Flags |
---|---|---|---|---|---|---|
r-devel-linux-x86_64-debian-clang | 1.1.4 | 40.00 | 39.29 | 79.29 | OK | |
r-devel-linux-x86_64-debian-gcc | 1.1.4 | 29.46 | 28.75 | 58.21 | OK | |
r-devel-linux-x86_64-fedora-clang | 1.1.4 | 132.64 | OK | |||
r-devel-linux-x86_64-fedora-gcc | 1.1.4 | 149.37 | OK | |||
r-devel-windows-x86_64 | 1.1.4 | 43.00 | 91.00 | 134.00 | OK | |
r-patched-linux-x86_64 | 1.1.4 | 39.45 | 36.99 | 76.44 | OK | |
r-release-linux-x86_64 | 1.1.4 | 37.78 | 37.21 | 74.99 | OK | |
r-release-macos-arm64 | 1.1.4 | 39.00 | OK | |||
r-release-macos-x86_64 | 1.1.4 | 78.00 | OK | |||
r-release-windows-x86_64 | 1.1.4 | 43.00 | 103.00 | 146.00 | OK | |
r-oldrel-macos-arm64 | 1.1.4 | 36.00 | NOTE | |||
r-oldrel-macos-x86_64 | 1.1.4 | 54.00 | NOTE | |||
r-oldrel-windows-x86_64 | 1.1.4 | 50.00 | 102.00 | 152.00 | OK |
Version: 1.1.4
Check: installed package size
Result: NOTE
installed size is 6.1Mb
sub-directories of 1Mb or more:
libs 6.0Mb
Flavors: r-oldrel-macos-arm64, r-oldrel-macos-x86_64
These binaries (installable software) and packages are in development.
They may not be fully stable and should be used with caution. We make no claims about them.