CRAN Package Check Results for Package ASV

Last updated on 2025-10-25 09:49:24 CEST.

Flavor Version Tinstall Tcheck Ttotal Status Flags
r-devel-linux-x86_64-debian-clang 1.1.4 41.09 41.64 82.73 OK
r-devel-linux-x86_64-debian-gcc 1.1.4 28.31 30.38 58.69 OK
r-devel-linux-x86_64-fedora-clang 1.1.4 85.00 47.30 132.30 OK
r-devel-linux-x86_64-fedora-gcc 1.1.4 99.00 40.66 139.66 OK
r-devel-windows-x86_64 1.1.4 43.00 88.00 131.00 OK
r-patched-linux-x86_64 1.1.4 43.68 38.44 82.12 OK
r-release-linux-x86_64 1.1.4 42.02 38.02 80.04 OK
r-release-macos-arm64 1.1.4 16.00 23.00 39.00 OK
r-release-macos-x86_64 1.1.4 35.00 43.00 78.00 OK
r-release-windows-x86_64 1.1.4 42.00 87.00 129.00 OK
r-oldrel-macos-arm64 1.1.4 16.00 20.00 36.00 NOTE
r-oldrel-macos-x86_64 1.1.4 25.00 29.00 54.00 NOTE
r-oldrel-windows-x86_64 1.1.4 52.00 111.00 163.00 OK

Check Details

Version: 1.1.4
Check: installed package size
Result: NOTE installed size is 6.1Mb sub-directories of 1Mb or more: libs 6.0Mb Flavors: r-oldrel-macos-arm64, r-oldrel-macos-x86_64

These binaries (installable software) and packages are in development.
They may not be fully stable and should be used with caution. We make no claims about them.