Last updated on 2025-11-11 17:49:52 CET.
| Flavor | Version | Tinstall | Tcheck | Ttotal | Status | Flags |
|---|---|---|---|---|---|---|
| r-devel-linux-x86_64-debian-clang | 0.0.60 | 48.40 | 168.88 | 217.28 | NOTE | |
| r-devel-linux-x86_64-debian-gcc | 0.0.60 | 32.33 | 115.33 | 147.66 | NOTE | |
| r-devel-linux-x86_64-fedora-clang | 0.0.61 | 232.00 | 131.73 | 363.73 | OK | |
| r-devel-linux-x86_64-fedora-gcc | 0.0.61 | 82.00 | 244.09 | 326.09 | OK | |
| r-devel-windows-x86_64 | 0.0.60 | 52.00 | 190.00 | 242.00 | NOTE | |
| r-patched-linux-x86_64 | 0.0.60 | 45.95 | 156.95 | 202.90 | NOTE | |
| r-release-linux-x86_64 | 0.0.60 | 43.90 | 157.23 | 201.13 | NOTE | |
| r-release-macos-arm64 | 0.0.61 | 19.00 | 61.00 | 80.00 | OK | |
| r-release-macos-x86_64 | 0.0.61 | 42.00 | 194.00 | 236.00 | OK | |
| r-release-windows-x86_64 | 0.0.60 | 54.00 | 183.00 | 237.00 | NOTE | |
| r-oldrel-macos-arm64 | 0.0.61 | 18.00 | 65.00 | 83.00 | OK | |
| r-oldrel-macos-x86_64 | 0.0.61 | 42.00 | 174.00 | 216.00 | OK | |
| r-oldrel-windows-x86_64 | 0.0.60 | 68.00 | 234.00 | 302.00 | OK |
Version: 0.0.60
Check: Rd cross-references
Result: NOTE
Found the following Rd file(s) with Rd \link{} targets missing package
anchors:
ATA.BoxCoxAttr.Rd: BoxCox, InvBoxCox, BoxCox.lambda
ATA.Decomposition.Rd: stlplus
Please provide package anchors for all Rd \link{} targets not in the
package itself and the base packages.
Flavors: r-devel-linux-x86_64-debian-clang, r-devel-linux-x86_64-debian-gcc, r-devel-windows-x86_64, r-patched-linux-x86_64, r-release-linux-x86_64, r-release-windows-x86_64
These binaries (installable software) and packages are in development.
They may not be fully stable and should be used with caution. We make no claims about them.