Last updated on 2024-07-27 15:50:11 CEST.
Flavor | Version | Tinstall | Tcheck | Ttotal | Status | Flags |
---|---|---|---|---|---|---|
r-devel-linux-x86_64-debian-clang | 0.0.60 | 67.50 | 190.06 | 257.56 | WARN | |
r-devel-linux-x86_64-debian-gcc | 0.0.60 | WARN | ||||
r-devel-linux-x86_64-fedora-clang | 0.0.60 | 332.29 | WARN | |||
r-devel-linux-x86_64-fedora-gcc | 0.0.60 | 330.37 | WARN | |||
r-devel-windows-x86_64 | 0.0.60 | 44.00 | 175.00 | 219.00 | WARN | |
r-patched-linux-x86_64 | 0.0.60 | WARN | ||||
r-release-linux-x86_64 | 0.0.60 | 40.09 | 185.89 | 225.98 | WARN | |
r-release-macos-arm64 | 0.0.60 | 74.00 | OK | |||
r-release-macos-x86_64 | 0.0.60 | 122.00 | OK | |||
r-release-windows-x86_64 | 0.0.60 | 52.00 | 172.00 | 224.00 | WARN | |
r-oldrel-macos-arm64 | 0.0.60 | 78.00 | OK | |||
r-oldrel-macos-x86_64 | 0.0.60 | 208.00 | OK | |||
r-oldrel-windows-x86_64 | 0.0.60 | 58.00 | 221.00 | 279.00 | WARN |
Version: 0.0.60
Check: Rd files
Result: WARN
prepare_Rd: replacing previous import ‘Matrix::det’ by ‘SparseM::det’ when loading ‘stR’
Flavors: r-devel-linux-x86_64-debian-clang, r-devel-linux-x86_64-debian-gcc, r-devel-linux-x86_64-fedora-clang, r-devel-linux-x86_64-fedora-gcc, r-devel-windows-x86_64, r-patched-linux-x86_64, r-release-linux-x86_64, r-release-windows-x86_64, r-oldrel-windows-x86_64
Version: 0.0.60
Check: Rd cross-references
Result: NOTE
Found the following Rd file(s) with Rd \link{} targets missing package
anchors:
ATA.BoxCoxAttr.Rd: BoxCox, InvBoxCox, BoxCox.lambda
ATA.Decomposition.Rd: stlplus
Please provide package anchors for all Rd \link{} targets not in the
package itself and the base packages.
Flavors: r-devel-linux-x86_64-debian-gcc, r-devel-windows-x86_64
These binaries (installable software) and packages are in development.
They may not be fully stable and should be used with caution. We make no claims about them.