Last updated on 2025-02-16 10:50:41 CET.
Flavor | Version | Tinstall | Tcheck | Ttotal | Status | Flags |
---|---|---|---|---|---|---|
r-devel-linux-x86_64-debian-clang | 0.0.60 | 49.54 | 150.50 | 200.04 | NOTE | |
r-devel-linux-x86_64-debian-gcc | 0.0.60 | 33.40 | 106.82 | 140.22 | NOTE | |
r-devel-linux-x86_64-fedora-clang | 0.0.60 | 336.97 | OK | |||
r-devel-linux-x86_64-fedora-gcc | 0.0.60 | 310.22 | OK | |||
r-devel-macos-arm64 | 0.0.60 | 72.00 | OK | |||
r-devel-macos-x86_64 | 0.0.60 | 175.00 | OK | |||
r-devel-windows-x86_64 | 0.0.60 | 47.00 | 172.00 | 219.00 | NOTE | |
r-patched-linux-x86_64 | 0.0.60 | 51.42 | 139.93 | 191.35 | OK | |
r-release-linux-x86_64 | 0.0.60 | 42.42 | 141.58 | 184.00 | OK | |
r-release-macos-arm64 | 0.0.60 | 74.00 | OK | |||
r-release-macos-x86_64 | 0.0.60 | 122.00 | OK | |||
r-release-windows-x86_64 | 0.0.60 | 46.00 | 174.00 | 220.00 | OK | |
r-oldrel-macos-arm64 | 0.0.60 | 78.00 | OK | |||
r-oldrel-macos-x86_64 | 0.0.60 | 208.00 | OK | |||
r-oldrel-windows-x86_64 | 0.0.60 | 59.00 | 215.00 | 274.00 | OK |
Version: 0.0.60
Check: Rd cross-references
Result: NOTE
Found the following Rd file(s) with Rd \link{} targets missing package
anchors:
ATA.BoxCoxAttr.Rd: BoxCox, InvBoxCox, BoxCox.lambda
ATA.Decomposition.Rd: stlplus
Please provide package anchors for all Rd \link{} targets not in the
package itself and the base packages.
Flavors: r-devel-linux-x86_64-debian-clang, r-devel-linux-x86_64-debian-gcc, r-devel-windows-x86_64
These binaries (installable software) and packages are in development.
They may not be fully stable and should be used with caution. We make no claims about them.