CRAN Package Check Results for Package AUtests

Last updated on 2025-05-08 04:51:59 CEST.

Flavor Version Tinstall Tcheck Ttotal Status Flags
r-devel-linux-x86_64-debian-clang 0.99 12.49 90.84 103.33 NOTE
r-devel-linux-x86_64-debian-gcc 0.99 6.37 63.15 69.52 NOTE
r-devel-linux-x86_64-fedora-clang 0.99 180.35 OK
r-devel-linux-x86_64-fedora-gcc 0.99 573.80 OK
r-devel-windows-x86_64 0.99 12.00 92.00 104.00 OK
r-patched-linux-x86_64 0.99 10.48 82.84 93.32 OK
r-release-linux-x86_64 0.99 11.21 84.54 95.75 OK
r-release-macos-arm64 0.99 124.00 OK
r-release-macos-x86_64 0.99 274.00 OK
r-release-windows-x86_64 0.99 12.00 94.00 106.00 OK
r-oldrel-macos-arm64 0.99 123.00 OK
r-oldrel-macos-x86_64 0.99 245.00 OK
r-oldrel-windows-x86_64 0.99 18.00 117.00 135.00 OK

Check Details

Version: 0.99
Check: CRAN incoming feasibility
Result: NOTE Maintainer: ‘Arjun Sondhi <asondhi@uw.edu>’ No Authors@R field in DESCRIPTION. Please add one, modifying Authors@R: c(person(given = "Arjun", family = "Sondhi", role = c("aut", "cre"), email = "asondhi@uw.edu"), person(given = "Ken", family = "Rice", role = "aut")) as necessary. Flavors: r-devel-linux-x86_64-debian-clang, r-devel-linux-x86_64-debian-gcc

These binaries (installable software) and packages are in development.
They may not be fully stable and should be used with caution. We make no claims about them.