CRAN Package Check Results for Package AWR.Kinesis

Last updated on 2025-10-23 21:51:20 CEST.

Flavor Version Tinstall Tcheck Ttotal Status Flags
r-devel-linux-x86_64-debian-clang 1.7.6 3.53 34.09 37.62 NOTE
r-devel-linux-x86_64-debian-gcc 1.7.6 2.58 25.72 28.30 NOTE
r-devel-linux-x86_64-fedora-clang 1.7.6 55.49 OK
r-devel-linux-x86_64-fedora-gcc 1.7.6 52.37 OK
r-devel-windows-x86_64 1.7.6 5.00 45.00 50.00 OK --no-examples --no-tests --no-vignettes
r-patched-linux-x86_64 1.7.6 2.83 31.22 34.05 OK
r-release-linux-x86_64 1.7.6 3.47 31.18 34.65 OK
r-release-macos-arm64 1.7.6 3.00 21.00 24.00 OK
r-release-macos-x86_64 1.7.6 3.00 44.00 47.00 OK
r-release-windows-x86_64 1.7.6 7.00 54.00 61.00 OK --no-examples --no-tests --no-vignettes
r-oldrel-macos-arm64 1.7.6 2.00 20.00 22.00 OK
r-oldrel-macos-x86_64 1.7.6 3.00 28.00 31.00 OK
r-oldrel-windows-x86_64 1.7.6 7.00 42.00 49.00 OK --no-examples --no-tests --no-vignettes

Check Details

Version: 1.7.6
Check: CRAN incoming feasibility
Result: NOTE Maintainer: ‘Gergely Daroczi <daroczig@rapporter.net>’ No Authors@R field in DESCRIPTION. Please add one, modifying Authors@R: person(given = "Gergely", family = "Daroczi", role = c("aut", "cre"), email = "daroczig@rapporter.net") as necessary. Flavors: r-devel-linux-x86_64-debian-clang, r-devel-linux-x86_64-debian-gcc

Version: 1.7.6
Check: HTML version of manual
Result: NOTE Found the following HTML validation problems: checkpoint.html:46:1 (checkpoint.Rd:10): Warning: missing </ul> before </div> write_line_to_stdout.html:46:1 (write_line_to_stdout.Rd:10): Warning: missing </ul> before </div> Flavor: r-devel-linux-x86_64-debian-clang

These binaries (installable software) and packages are in development.
They may not be fully stable and should be used with caution. We make no claims about them.