CRAN Package Check Results for Package AWR

Last updated on 2025-05-08 04:51:59 CEST.

Flavor Version Tinstall Tcheck Ttotal Status Flags
r-devel-linux-x86_64-debian-clang 1.11.189-1 2.68 30.76 33.44 NOTE
r-devel-linux-x86_64-debian-gcc 1.11.189-1 2.09 23.93 26.02 NOTE
r-devel-linux-x86_64-fedora-clang 1.11.189-1 50.90 OK
r-devel-linux-x86_64-fedora-gcc 1.11.189-1 47.96 OK
r-devel-windows-x86_64 1.11.189-1 4.00 47.00 51.00 OK
r-patched-linux-x86_64 1.11.189-1 2.69 27.95 30.64 OK
r-release-linux-x86_64 1.11.189-1 2.30 28.31 30.61 OK
r-release-macos-arm64 1.11.189-1 21.00 OK
r-release-macos-x86_64 1.11.189-1 34.00 OK
r-release-windows-x86_64 1.11.189-1 6.00 48.00 54.00 OK
r-oldrel-macos-arm64 1.11.189-1 24.00 OK
r-oldrel-macos-x86_64 1.11.189-1 28.00 OK
r-oldrel-windows-x86_64 1.11.189-1 4.00 49.00 53.00 OK

Check Details

Version: 1.11.189-1
Check: CRAN incoming feasibility
Result: NOTE Maintainer: ‘Gergely Daroczi <daroczig@rapporter.net>’ No Authors@R field in DESCRIPTION. Please add one, modifying Authors@R: person(given = "Gergely", family = "Daroczi", role = c("aut", "cre"), email = "daroczig@rapporter.net") as necessary. Flavors: r-devel-linux-x86_64-debian-clang, r-devel-linux-x86_64-debian-gcc

These binaries (installable software) and packages are in development.
They may not be fully stable and should be used with caution. We make no claims about them.