CRAN Package Check Results for Package AcousticNDLCodeR

Last updated on 2025-02-19 18:50:55 CET.

Flavor Version Tinstall Tcheck Ttotal Status Flags
r-devel-linux-x86_64-debian-clang 1.0.2 3.03 33.14 36.17 NOTE
r-devel-linux-x86_64-debian-gcc 1.0.2 2.99 23.42 26.41 NOTE
r-devel-linux-x86_64-fedora-clang 1.0.2 58.46 OK
r-devel-linux-x86_64-fedora-gcc 1.0.2 59.13 OK
r-devel-macos-arm64 1.0.2 21.00 OK
r-devel-macos-x86_64 1.0.2 38.00 OK
r-devel-windows-x86_64 1.0.2 5.00 55.00 60.00 NOTE
r-patched-linux-x86_64 1.0.2 5.68 30.22 35.90 OK
r-release-linux-x86_64 1.0.2 3.10 30.62 33.72 OK
r-release-macos-arm64 1.0.2 20.00 OK
r-release-macos-x86_64 1.0.2 34.00 OK
r-release-windows-x86_64 1.0.2 5.00 51.00 56.00 OK
r-oldrel-macos-arm64 1.0.2 20.00 OK
r-oldrel-macos-x86_64 1.0.2 30.00 OK
r-oldrel-windows-x86_64 1.0.2 7.00 60.00 67.00 OK

Check Details

Version: 1.0.2
Check: Rd cross-references
Result: NOTE Found the following Rd file(s) with Rd \link{} targets missing package anchors: makeCues.Rd: tuneR Please provide package anchors for all Rd \link{} targets not in the package itself and the base packages. Flavors: r-devel-linux-x86_64-debian-clang, r-devel-linux-x86_64-debian-gcc, r-devel-windows-x86_64

These binaries (installable software) and packages are in development.
They may not be fully stable and should be used with caution. We make no claims about them.