CRAN Package Check Results for Package ActCR

Last updated on 2025-07-26 01:50:43 CEST.

Flavor Version Tinstall Tcheck Ttotal Status Flags
r-devel-linux-x86_64-debian-clang 0.3.0 8.10 73.54 81.64 NOTE
r-devel-linux-x86_64-debian-gcc 0.3.0 5.87 51.65 57.52 NOTE
r-devel-linux-x86_64-fedora-clang 0.3.0 127.82 NOTE
r-devel-linux-x86_64-fedora-gcc 0.3.0 130.76 NOTE
r-devel-windows-x86_64 0.3.0 10.00 83.00 93.00 NOTE
r-patched-linux-x86_64 0.3.0 8.56 67.20 75.76 NOTE
r-release-linux-x86_64 0.3.0 8.77 68.22 76.99 NOTE
r-release-macos-arm64 0.3.0 36.00 NOTE
r-release-macos-x86_64 0.3.0 60.00 NOTE
r-release-windows-x86_64 0.3.0 10.00 85.00 95.00 NOTE
r-oldrel-macos-arm64 0.3.0 35.00 NOTE
r-oldrel-macos-x86_64 0.3.0 50.00 NOTE
r-oldrel-windows-x86_64 0.3.0 13.00 104.00 117.00 NOTE

Check Details

Version: 0.3.0
Check: package subdirectories
Result: NOTE Problems with news in ‘NEWS.md’: No news entries found. Flavors: r-devel-linux-x86_64-debian-clang, r-devel-linux-x86_64-debian-gcc, r-devel-linux-x86_64-fedora-clang, r-devel-linux-x86_64-fedora-gcc, r-devel-windows-x86_64, r-patched-linux-x86_64, r-release-linux-x86_64, r-release-macos-arm64, r-release-macos-x86_64, r-release-windows-x86_64, r-oldrel-macos-arm64, r-oldrel-macos-x86_64, r-oldrel-windows-x86_64

These binaries (installable software) and packages are in development.
They may not be fully stable and should be used with caution. We make no claims about them.