Last updated on 2025-11-12 12:53:03 CET.
| Flavor | Version | Tinstall | Tcheck | Ttotal | Status | Flags |
|---|---|---|---|---|---|---|
| r-devel-linux-x86_64-debian-clang | 0.3.0 | 9.18 | 80.90 | 90.08 | NOTE | |
| r-devel-linux-x86_64-debian-gcc | 0.3.0 | 5.82 | 56.94 | 62.76 | NOTE | |
| r-devel-linux-x86_64-fedora-clang | 0.3.0 | 24.00 | 117.58 | 141.58 | NOTE | |
| r-devel-linux-x86_64-fedora-gcc | 0.3.0 | 21.00 | 109.40 | 130.40 | NOTE | |
| r-devel-windows-x86_64 | 0.3.0 | 12.00 | 90.00 | 102.00 | NOTE | |
| r-patched-linux-x86_64 | 0.3.0 | 9.17 | 76.16 | 85.33 | NOTE | |
| r-release-linux-x86_64 | 0.3.0 | 9.26 | 75.33 | 84.59 | NOTE | |
| r-release-macos-arm64 | 0.3.0 | 4.00 | 32.00 | 36.00 | NOTE | |
| r-release-macos-x86_64 | 0.3.0 | 6.00 | 54.00 | 60.00 | NOTE | |
| r-release-windows-x86_64 | 0.3.0 | 10.00 | 89.00 | 99.00 | NOTE | |
| r-oldrel-macos-arm64 | 0.3.0 | 4.00 | 31.00 | 35.00 | NOTE | |
| r-oldrel-macos-x86_64 | 0.3.0 | 5.00 | 45.00 | 50.00 | NOTE | |
| r-oldrel-windows-x86_64 | 0.3.0 | 15.00 | 111.00 | 126.00 | NOTE |
Version: 0.3.0
Check: package subdirectories
Result: NOTE
Problems with news in ‘NEWS.md’:
No news entries found.
Flavors: r-devel-linux-x86_64-debian-clang, r-devel-linux-x86_64-debian-gcc, r-devel-linux-x86_64-fedora-clang, r-devel-linux-x86_64-fedora-gcc, r-devel-windows-x86_64, r-patched-linux-x86_64, r-release-linux-x86_64, r-release-macos-arm64, r-release-macos-x86_64, r-release-windows-x86_64, r-oldrel-macos-arm64, r-oldrel-macos-x86_64, r-oldrel-windows-x86_64
These binaries (installable software) and packages are in development.
They may not be fully stable and should be used with caution. We make no claims about them.