Last updated on 2025-02-02 14:48:17 CET.
Flavor | Version | Tinstall | Tcheck | Ttotal | Status | Flags |
---|---|---|---|---|---|---|
r-devel-linux-x86_64-debian-clang | 0.1.1 | 12.25 | 101.96 | 114.21 | NOTE | |
r-devel-linux-x86_64-debian-gcc | 0.1.1 | 7.80 | 72.02 | 79.82 | NOTE | |
r-devel-linux-x86_64-fedora-clang | 0.1.1 | 183.52 | NOTE | |||
r-devel-linux-x86_64-fedora-gcc | 0.1.1 | 179.28 | NOTE | |||
r-devel-windows-x86_64 | 0.1.1 | 11.00 | 102.00 | 113.00 | NOTE | |
r-patched-linux-x86_64 | 0.1.1 | 10.74 | 92.04 | 102.78 | NOTE | |
r-release-linux-x86_64 | 0.1.1 | 10.37 | 91.09 | 101.46 | NOTE | |
r-release-macos-arm64 | 0.1.1 | 55.00 | NOTE | |||
r-release-macos-x86_64 | 0.1.1 | 90.00 | NOTE | |||
r-release-windows-x86_64 | 0.1.1 | 12.00 | 102.00 | 114.00 | NOTE | |
r-oldrel-macos-arm64 | 0.1.1 | 61.00 | NOTE | |||
r-oldrel-macos-x86_64 | 0.1.1 | 86.00 | NOTE | |||
r-oldrel-windows-x86_64 | 0.1.1 | 15.00 | 120.00 | 135.00 | NOTE |
Version: 0.1.1
Check: package subdirectories
Result: NOTE
Problems with news in ‘NEWS.md’:
No news entries found.
Flavors: r-devel-linux-x86_64-debian-clang, r-devel-linux-x86_64-debian-gcc, r-devel-linux-x86_64-fedora-clang, r-devel-linux-x86_64-fedora-gcc, r-devel-windows-x86_64, r-patched-linux-x86_64, r-release-linux-x86_64, r-release-macos-arm64, r-release-macos-x86_64, r-release-windows-x86_64, r-oldrel-macos-arm64, r-oldrel-macos-x86_64, r-oldrel-windows-x86_64
Version: 0.1.1
Check: dependencies in R code
Result: NOTE
Namespace in Imports field not imported from: ‘tidyr’
All declared Imports should be used.
Flavors: r-devel-linux-x86_64-fedora-clang, r-devel-linux-x86_64-fedora-gcc
These binaries (installable software) and packages are in development.
They may not be fully stable and should be used with caution. We make no claims about them.