Last updated on 2025-11-15 11:50:37 CET.
| Flavor | Version | Tinstall | Tcheck | Ttotal | Status | Flags |
|---|---|---|---|---|---|---|
| r-devel-linux-x86_64-debian-clang | 2.1.9 | 3.33 | 27.66 | 30.99 | NOTE | |
| r-devel-linux-x86_64-debian-gcc | 2.1.9 | 2.65 | 21.77 | 24.42 | NOTE | |
| r-devel-linux-x86_64-fedora-clang | 2.1.9 | 43.33 | OK | |||
| r-devel-linux-x86_64-fedora-gcc | 2.1.9 | 41.45 | OK | |||
| r-devel-windows-x86_64 | 2.1.9 | 10.00 | 46.00 | 56.00 | OK | |
| r-patched-linux-x86_64 | 2.1.9 | 3.24 | 26.01 | 29.25 | OK | |
| r-release-linux-x86_64 | 2.1.9 | 2.59 | 25.95 | 28.54 | OK | |
| r-release-macos-arm64 | 2.1.9 | 3.00 | 19.00 | 22.00 | OK | |
| r-release-macos-x86_64 | 2.1.9 | 4.00 | 26.00 | 30.00 | OK | |
| r-release-windows-x86_64 | 2.1.9 | 7.00 | 47.00 | 54.00 | OK | |
| r-oldrel-macos-arm64 | 2.1.9 | 4.00 | 26.00 | 30.00 | OK | |
| r-oldrel-macos-x86_64 | 2.1.9 | 3.00 | 23.00 | 26.00 | OK | |
| r-oldrel-windows-x86_64 | 2.1.9 | 8.00 | 54.00 | 62.00 | OK |
Version: 2.1.9
Check: CRAN incoming feasibility
Result: NOTE
Maintainer: ‘David Ardia <david.ardia.ch@gmail.com>’
Package CITATION file contains call(s) to old-style personList() or
as.personList(). Please use c() on person objects instead.
Package CITATION file contains call(s) to old-style citEntry(). Please
use bibentry() instead.
Flavors: r-devel-linux-x86_64-debian-clang, r-devel-linux-x86_64-debian-gcc
These binaries (installable software) and packages are in development.
They may not be fully stable and should be used with caution. We make no claims about them.