CRAN Package Check Results for Package AdaSampling

Last updated on 2025-10-23 17:50:40 CEST.

Flavor Version Tinstall Tcheck Ttotal Status Flags
r-devel-linux-x86_64-debian-clang 1.3 15.15 131.36 146.51 NOTE
r-devel-linux-x86_64-debian-gcc 1.3 10.28 96.90 107.18 NOTE
r-devel-linux-x86_64-fedora-clang 1.3 32.00 194.88 226.88 OK
r-devel-linux-x86_64-fedora-gcc 1.3 32.00 206.83 238.83 OK
r-devel-windows-x86_64 1.3 15.00 127.00 142.00 OK
r-patched-linux-x86_64 1.3 14.23 124.54 138.77 OK
r-release-linux-x86_64 1.3 14.60 124.01 138.61 OK
r-release-macos-arm64 1.3 6.00 59.00 65.00 OK
r-release-macos-x86_64 1.3 12.00 103.00 115.00 OK
r-release-windows-x86_64 1.3 15.00 129.00 144.00 OK
r-oldrel-macos-arm64 1.3 6.00 58.00 64.00 OK
r-oldrel-macos-x86_64 1.3 8.00 81.00 89.00 OK
r-oldrel-windows-x86_64 1.3 21.00 164.00 185.00 OK

Check Details

Version: 1.3
Check: CRAN incoming feasibility
Result: NOTE Maintainer: ‘Pengyi Yang <yangpy7@gmail.com>’ No Authors@R field in DESCRIPTION. Please add one, modifying Authors@R: person(given = "Pengyi", family = "Yang", role = c("aut", "cre"), email = "yangpy7@gmail.com") as necessary. Flavors: r-devel-linux-x86_64-debian-clang, r-devel-linux-x86_64-debian-gcc

Version: 1.3
Check: HTML version of manual
Result: NOTE Found the following HTML validation problems: weightedKNN.html:62:1 (weightedKNN.Rd:18): Warning: missing </ul> before </div> Flavor: r-devel-linux-x86_64-debian-clang

These binaries (installable software) and packages are in development.
They may not be fully stable and should be used with caution. We make no claims about them.