CRAN Package Check Results for Package AdapSamp

Last updated on 2025-11-24 15:49:45 CET.

Flavor Version Tinstall Tcheck Ttotal Status Flags
r-devel-linux-x86_64-debian-clang 1.1.1 2.16 28.69 30.85 NOTE
r-devel-linux-x86_64-debian-gcc 1.1.1 1.74 21.69 23.43 NOTE
r-devel-linux-x86_64-fedora-clang 1.1.1 46.43 OK
r-devel-linux-x86_64-fedora-gcc 1.1.1 43.34 OK
r-devel-windows-x86_64 1.1.1 5.00 49.00 54.00 OK
r-patched-linux-x86_64 1.1.1 2.29 26.51 28.80 OK
r-release-linux-x86_64 1.1.1 2.38 26.75 29.13 OK
r-release-macos-arm64 1.1.1 OK
r-release-macos-x86_64 1.1.1 2.00 30.00 32.00 OK
r-release-windows-x86_64 1.1.1 3.00 61.00 64.00 OK
r-oldrel-macos-arm64 1.1.1 NOTE
r-oldrel-macos-x86_64 1.1.1 2.00 23.00 25.00 NOTE
r-oldrel-windows-x86_64 1.1.1 3.00 56.00 59.00 NOTE

Check Details

Version: 1.1.1
Check: CRAN incoming feasibility
Result: NOTE Maintainer: ‘Dong Zhang <dzhang0716@126.com>’ No Authors@R field in DESCRIPTION. Please add one, modifying Authors@R: person(given = "Dong", family = "Zhang", role = c("aut", "cre"), email = "dzhang0716@126.com") as necessary. Found the following (possibly) invalid file URIs: URI: dzhang0716@126.com From: man/rARS.Rd URI: dzhang0716@126.com From: man/rASS.Rd URI: dzhang0716@126.com From: man/rCCARS.Rd URI: dzhang0716@126.com From: man/rMARS.Rd Flavors: r-devel-linux-x86_64-debian-clang, r-devel-linux-x86_64-debian-gcc

Version: 1.1.1
Check: LazyData
Result: NOTE 'LazyData' is specified without a 'data' directory Flavors: r-oldrel-macos-arm64, r-oldrel-macos-x86_64, r-oldrel-windows-x86_64

These binaries (installable software) and packages are in development.
They may not be fully stable and should be used with caution. We make no claims about them.