CRAN Package Check Results for Package AdvDif4

Last updated on 2025-02-16 10:50:41 CET.

Flavor Version Tinstall Tcheck Ttotal Status Flags
r-devel-linux-x86_64-debian-clang 0.7.18 1.82 23.56 25.38 OK
r-devel-linux-x86_64-debian-gcc 0.7.18 1.54 16.72 18.26 OK
r-devel-linux-x86_64-fedora-clang 0.7.18 43.29 OK
r-devel-linux-x86_64-fedora-gcc 0.7.18 37.61 OK
r-devel-macos-arm64 0.7.18 16.00 OK
r-devel-macos-x86_64 0.7.18 48.00 OK
r-devel-windows-x86_64 0.7.18 3.00 41.00 44.00 OK
r-patched-linux-x86_64 0.7.18 2.14 20.48 22.62 NOTE
r-release-linux-x86_64 0.7.18 1.79 21.01 22.80 NOTE
r-release-macos-arm64 0.7.18 22.00 NOTE
r-release-macos-x86_64 0.7.18 22.00 NOTE
r-release-windows-x86_64 0.7.18 3.00 39.00 42.00 NOTE
r-oldrel-macos-arm64 0.7.18 16.00 NOTE
r-oldrel-macos-x86_64 0.7.18 22.00 NOTE
r-oldrel-windows-x86_64 0.7.18 4.00 41.00 45.00 NOTE

Check Details

Version: 0.7.18
Check: LazyData
Result: NOTE 'LazyData' is specified without a 'data' directory Flavors: r-patched-linux-x86_64, r-release-linux-x86_64, r-release-macos-arm64, r-release-macos-x86_64, r-release-windows-x86_64, r-oldrel-macos-arm64, r-oldrel-macos-x86_64, r-oldrel-windows-x86_64

These binaries (installable software) and packages are in development.
They may not be fully stable and should be used with caution. We make no claims about them.