CRAN Package Check Results for Package AeroSampleR

Last updated on 2025-02-23 01:51:34 CET.

Flavor Version Tinstall Tcheck Ttotal Status Flags
r-devel-linux-x86_64-debian-clang 0.2.0 2.16 33.93 36.09 NOTE
r-devel-linux-x86_64-debian-gcc 0.2.0 1.91 26.29 28.20 NOTE
r-devel-linux-x86_64-fedora-clang 0.2.0 62.07 NOTE
r-devel-linux-x86_64-fedora-gcc 0.2.0 75.00 NOTE
r-devel-macos-arm64 0.2.0 26.00 OK
r-devel-macos-x86_64 0.2.0 45.00 NOTE
r-devel-windows-x86_64 0.2.0 5.00 63.00 68.00 NOTE
r-patched-linux-x86_64 0.2.0 2.44 31.87 34.31 OK
r-release-linux-x86_64 0.2.0 2.30 31.92 34.22 OK
r-release-macos-arm64 0.2.0 27.00 OK
r-release-macos-x86_64 0.2.0 41.00 OK
r-release-windows-x86_64 0.2.0 5.00 55.00 60.00 OK
r-oldrel-macos-arm64 0.2.0 28.00 OK
r-oldrel-macos-x86_64 0.2.0 44.00 OK
r-oldrel-windows-x86_64 0.2.0 6.00 59.00 65.00 OK

Check Details

Version: 0.2.0
Check: DESCRIPTION meta-information
Result: NOTE Missing dependency on R >= 4.1.0 because package code uses the pipe |> or function shorthand \(...) syntax added in R 4.1.0. File(s) using such syntax: ‘report_basic.R’ ‘report_cum_plots.R’ ‘report_log_mass.R’ ‘report_plots.R’ ‘set_params_2.R’ Flavors: r-devel-linux-x86_64-debian-clang, r-devel-linux-x86_64-debian-gcc, r-devel-linux-x86_64-fedora-clang, r-devel-linux-x86_64-fedora-gcc, r-devel-macos-x86_64, r-devel-windows-x86_64

Version: 0.2.0
Check: dependencies in R code
Result: NOTE Namespace in Imports field not imported from: ‘flextable’ All declared Imports should be used. Flavors: r-devel-linux-x86_64-fedora-clang, r-devel-linux-x86_64-fedora-gcc

These binaries (installable software) and packages are in development.
They may not be fully stable and should be used with caution. We make no claims about them.