Last updated on 2025-02-16 10:50:41 CET.
Flavor | Version | Tinstall | Tcheck | Ttotal | Status | Flags |
---|---|---|---|---|---|---|
r-devel-linux-x86_64-debian-clang | 1.0.1 | 2.49 | 24.48 | 26.97 | NOTE | |
r-devel-linux-x86_64-debian-gcc | 1.0.1 | 1.73 | 18.13 | 19.86 | NOTE | |
r-devel-linux-x86_64-fedora-clang | 1.0.1 | 45.57 | NOTE | |||
r-devel-linux-x86_64-fedora-gcc | 1.0.1 | 40.41 | NOTE | |||
r-devel-macos-arm64 | 1.0.1 | 16.00 | NOTE | |||
r-devel-macos-x86_64 | 1.0.1 | 33.00 | NOTE | |||
r-devel-windows-x86_64 | 1.0.1 | 3.00 | 44.00 | 47.00 | NOTE | |
r-patched-linux-x86_64 | 1.0.1 | 2.66 | 23.21 | 25.87 | NOTE | |
r-release-linux-x86_64 | 1.0.1 | 2.18 | 23.63 | 25.81 | NOTE | |
r-release-macos-arm64 | 1.0.1 | 20.00 | NOTE | |||
r-release-macos-x86_64 | 1.0.1 | 28.00 | NOTE | |||
r-release-windows-x86_64 | 1.0.1 | 4.00 | 43.00 | 47.00 | NOTE | |
r-oldrel-macos-arm64 | 1.0.1 | 16.00 | OK | |||
r-oldrel-macos-x86_64 | 1.0.1 | 22.00 | OK | |||
r-oldrel-windows-x86_64 | 1.0.1 | 4.00 | 45.00 | 49.00 | OK |
Version: 1.0.1
Check: Rd files
Result: NOTE
checkRd: (-1) plot.dke.fun.Rd:33: Lost braces; missing escapes or markup?
33 | \item{las}{ Numeric in {0,1,2,3}; the style of axis labels.
| ^
Flavors: r-devel-linux-x86_64-debian-clang, r-devel-linux-x86_64-debian-gcc, r-devel-linux-x86_64-fedora-clang, r-devel-linux-x86_64-fedora-gcc, r-devel-macos-arm64, r-devel-macos-x86_64, r-devel-windows-x86_64, r-patched-linux-x86_64, r-release-linux-x86_64, r-release-macos-arm64, r-release-macos-x86_64, r-release-windows-x86_64
These binaries (installable software) and packages are in development.
They may not be fully stable and should be used with caution. We make no claims about them.