Last updated on 2025-02-19 18:50:55 CET.
Flavor | Version | Tinstall | Tcheck | Ttotal | Status | Flags |
---|---|---|---|---|---|---|
r-devel-linux-x86_64-debian-clang | 1.2 | 2.05 | 23.89 | 25.94 | NOTE | |
r-devel-linux-x86_64-debian-gcc | 1.2 | 1.54 | 19.46 | 21.00 | NOTE | |
r-devel-linux-x86_64-fedora-clang | 1.2 | 43.80 | NOTE | |||
r-devel-linux-x86_64-fedora-gcc | 1.2 | 56.45 | NOTE | |||
r-devel-macos-arm64 | 1.2 | 25.00 | NOTE | |||
r-devel-macos-x86_64 | 1.2 | 64.00 | NOTE | |||
r-devel-windows-x86_64 | 1.2 | 3.00 | 65.00 | 68.00 | NOTE | |
r-patched-linux-x86_64 | 1.2 | 2.13 | 22.83 | 24.96 | NOTE | |
r-release-linux-x86_64 | 1.2 | 1.99 | 23.00 | 24.99 | NOTE | |
r-release-macos-arm64 | 1.2 | 30.00 | NOTE | |||
r-release-macos-x86_64 | 1.2 | 56.00 | NOTE | |||
r-release-windows-x86_64 | 1.2 | 3.00 | 63.00 | 66.00 | NOTE | |
r-oldrel-macos-arm64 | 1.2 | 23.00 | NOTE | |||
r-oldrel-macos-x86_64 | 1.2 | 48.00 | NOTE | |||
r-oldrel-windows-x86_64 | 1.2 | 4.00 | 57.00 | 61.00 | NOTE |
Version: 1.2
Check: Rd files
Result: NOTE
checkRd: (-1) optimalfrequency.Rd:29: Escaped LaTeX specials: \$
checkRd: (-1) optimalfrequency.Rd:30: Escaped LaTeX specials: \$
checkRd: (-1) optimalfrequency.Rd:31: Escaped LaTeX specials: \$
Flavors: r-devel-linux-x86_64-debian-clang, r-devel-linux-x86_64-debian-gcc, r-devel-linux-x86_64-fedora-clang, r-devel-linux-x86_64-fedora-gcc, r-devel-macos-arm64, r-devel-macos-x86_64, r-devel-windows-x86_64, r-patched-linux-x86_64, r-release-linux-x86_64, r-release-macos-arm64, r-release-macos-x86_64, r-release-windows-x86_64, r-oldrel-macos-arm64, r-oldrel-macos-x86_64, r-oldrel-windows-x86_64
These binaries (installable software) and packages are in development.
They may not be fully stable and should be used with caution. We make no claims about them.