CRAN Package Check Results for Package AlleleRetain

Last updated on 2025-05-22 06:51:39 CEST.

Flavor Version Tinstall Tcheck Ttotal Status Flags
r-devel-linux-x86_64-debian-clang 2.0.2 4.19 26.18 30.37 NOTE
r-devel-linux-x86_64-debian-gcc 2.0.2 3.04 19.28 22.32 NOTE
r-devel-linux-x86_64-fedora-clang 2.0.2 47.43 OK
r-devel-linux-x86_64-fedora-gcc 2.0.2 44.70 OK
r-devel-windows-x86_64 2.0.2 5.00 65.00 70.00 OK
r-patched-linux-x86_64 2.0.2 3.90 24.75 28.65 OK
r-release-linux-x86_64 2.0.2 3.86 24.65 28.51 OK
r-release-macos-arm64 2.0.2 20.00 OK
r-release-macos-x86_64 2.0.2 43.00 OK
r-release-windows-x86_64 2.0.2 5.00 76.00 81.00 OK
r-oldrel-macos-arm64 2.0.2 22.00 OK
r-oldrel-macos-x86_64 2.0.2 27.00 OK
r-oldrel-windows-x86_64 2.0.2 4.00 49.00 53.00 OK

Check Details

Version: 2.0.2
Check: CRAN incoming feasibility
Result: NOTE Maintainer: ‘Emily Weiser <emily.l.weiser@gmail.com>’ No Authors@R field in DESCRIPTION. Please add one, modifying Authors@R: c(person(given = c("Emily", "L."), family = "Weiser", role = "aut"), person(given = "Emily", family = "Weiser", role = "cre", email = "emily.l.weiser@gmail.com")) as necessary. Package CITATION file contains call(s) to old-style personList() or as.personList(). Please use c() on person objects instead. Package CITATION file contains call(s) to old-style citEntry(). Please use bibentry() instead. Flavors: r-devel-linux-x86_64-debian-clang, r-devel-linux-x86_64-debian-gcc

These binaries (installable software) and packages are in development.
They may not be fully stable and should be used with caution. We make no claims about them.