Last updated on 2025-05-03 22:49:47 CEST.
Flavor | Version | Tinstall | Tcheck | Ttotal | Status | Flags |
---|---|---|---|---|---|---|
r-devel-linux-x86_64-debian-clang | 0.1.1.5 | 67.04 | 82.74 | 149.78 | OK | |
r-devel-linux-x86_64-debian-gcc | 0.1.1.5 | 47.48 | 59.94 | 107.42 | OK | |
r-devel-linux-x86_64-fedora-clang | 0.1.1.5 | 274.37 | OK | |||
r-devel-linux-x86_64-fedora-gcc | 0.1.1.5 | 289.58 | OK | |||
r-devel-windows-x86_64 | 0.1.1.5 | 76.00 | 132.00 | 208.00 | OK | |
r-patched-linux-x86_64 | 0.1.1.5 | 64.66 | 81.26 | 145.92 | OK | |
r-release-linux-x86_64 | OK | |||||
r-release-macos-arm64 | 0.1.1.5 | 76.00 | OK | |||
r-release-macos-x86_64 | 0.1.1.5 | 152.00 | OK | |||
r-release-windows-x86_64 | 0.1.1.5 | 76.00 | 129.00 | 205.00 | OK | |
r-oldrel-macos-arm64 | 0.1.1.5 | 78.00 | NOTE | |||
r-oldrel-macos-x86_64 | 0.1.1.5 | 140.00 | NOTE | |||
r-oldrel-windows-x86_64 | 0.1.1.5 | 87.00 | 154.00 | 241.00 | OK |
Version: 0.1.1.5
Check: installed package size
Result: NOTE
installed size is 5.4Mb
sub-directories of 1Mb or more:
libs 4.9Mb
Flavors: r-oldrel-macos-arm64, r-oldrel-macos-x86_64
These binaries (installable software) and packages are in development.
They may not be fully stable and should be used with caution. We make no claims about them.