CRAN Package Check Results for Package AllelicSeries

Last updated on 2025-10-23 23:49:22 CEST.

Flavor Version Tinstall Tcheck Ttotal Status Flags
r-devel-linux-x86_64-debian-clang 0.1.1.5 69.68 86.07 155.75 NOTE
r-devel-linux-x86_64-debian-gcc 0.1.1.5 44.81 62.10 106.91 OK
r-devel-linux-x86_64-fedora-clang 0.1.1.5 107.00 161.44 268.44 OK
r-devel-linux-x86_64-fedora-gcc 0.1.1.5 167.00 120.29 287.29 OK
r-devel-windows-x86_64 0.1.1.5 79.00 130.00 209.00 OK
r-patched-linux-x86_64 0.1.1.5 70.60 82.76 153.36 OK
r-release-linux-x86_64 0.1.1.5 67.97 83.08 151.05 OK
r-release-macos-arm64 0.1.1.5 22.00 54.00 76.00 OK
r-release-macos-x86_64 0.1.1.5 20.00 132.00 152.00 OK
r-release-windows-x86_64 0.1.1.5 79.00 130.00 209.00 OK
r-oldrel-macos-arm64 0.1.1.5 21.00 57.00 78.00 NOTE
r-oldrel-macos-x86_64 0.1.1.5 21.00 119.00 140.00 NOTE
r-oldrel-windows-x86_64 0.1.1.5 90.00 151.00 241.00 OK

Check Details

Version: 0.1.1.5
Check: HTML version of manual
Result: NOTE Found the following HTML validation problems: COAST-method.html:47:1 (COAST-method.Rd:10): Warning: missing </ul> before </div> print.COAST.html:51:1 (print.COAST.Rd:12): Warning: missing </ul> before </div> Flavor: r-devel-linux-x86_64-debian-clang

Version: 0.1.1.5
Check: installed package size
Result: NOTE installed size is 5.4Mb sub-directories of 1Mb or more: libs 4.9Mb Flavors: r-oldrel-macos-arm64, r-oldrel-macos-x86_64

These binaries (installable software) and packages are in development.
They may not be fully stable and should be used with caution. We make no claims about them.