CRAN Package Check Results for Package AllelicSeries

Last updated on 2025-07-11 13:48:20 CEST.

Flavor Version Tinstall Tcheck Ttotal Status Flags
r-devel-linux-x86_64-debian-clang 0.1.1.5 64.79 83.85 148.64 OK
r-devel-linux-x86_64-debian-gcc 0.1.1.5 49.12 61.88 111.00 OK
r-devel-linux-x86_64-fedora-clang 0.1.1.5 276.03 OK
r-devel-linux-x86_64-fedora-gcc 0.1.1.5 270.23 OK
r-devel-windows-x86_64 0.1.1.5 74.00 134.00 208.00 OK
r-patched-linux-x86_64 0.1.1.5 70.42 81.66 152.08 OK
r-release-linux-x86_64 0.1.1.5 69.43 80.76 150.19 OK
r-release-macos-arm64 0.1.1.5 76.00 OK
r-release-macos-x86_64 0.1.1.5 152.00 OK
r-release-windows-x86_64 0.1.1.5 78.00 132.00 210.00 OK
r-oldrel-macos-arm64 0.1.1.5 78.00 NOTE
r-oldrel-macos-x86_64 0.1.1.5 140.00 NOTE
r-oldrel-windows-x86_64 0.1.1.5 92.00 153.00 245.00 OK

Check Details

Version: 0.1.1.5
Check: installed package size
Result: NOTE installed size is 5.4Mb sub-directories of 1Mb or more: libs 4.9Mb Flavors: r-oldrel-macos-arm64, r-oldrel-macos-x86_64

These binaries (installable software) and packages are in development.
They may not be fully stable and should be used with caution. We make no claims about them.